{"id":15694,"date":"2024-09-04T09:55:40","date_gmt":"2024-09-04T12:55:40","guid":{"rendered":"https:\/\/oftalmodapaulista.com.br\/profissional\/?page_id=15694"},"modified":"2024-10-16T13:14:43","modified_gmt":"2024-10-16T16:14:43","slug":"resumo-xiv-encontro-nacional-de-medicina","status":"publish","type":"page","link":"https:\/\/oftalmodapaulista.com.br\/profissional\/resumo-xiv-encontro-nacional-de-medicina\/","title":{"rendered":"Resumo XIV Encontro Nacional de Medicina"},"content":{"rendered":"\n<h2 class=\"wp-block-heading\"><strong>Normas para envio de Resumos<\/strong>:<\/h2>\n\n\n\n<ul class=\"wp-block-list\">\n<li>O autor principal dever\u00e1 estar devidamente inscrito no evento<\/li>\n\n\n\n<li>S\u00f3 aceitamos o envio do resumo digital. Resumos n\u00e3o devem ser enviados por e-mail. A data limite para envio ser\u00e1 no dia&nbsp;<strong>16\/10\/2024<\/strong>&nbsp;\u00e0s&nbsp;<strong>23:59<\/strong>&nbsp;<\/li>\n\n\n\n<li>Envios posteriores n\u00e3o ser\u00e3o aceitos, sem exce\u00e7\u00e3o de qualquer ordem.<\/li>\n\n\n\n<li>Cada participante poder\u00e1 ser primeiro autor de apenas um resumo.<\/li>\n\n\n\n<li>N\u00e3o h\u00e1 limites para quantas vezes o participante aparece como coautor em resumos.<\/li>\n\n\n\n<li>N\u00e3o submeta um resumo se n\u00e3o for sua inten\u00e7\u00e3o comparecer ao congresso, sua inscri\u00e7\u00e3o n\u00e3o poder\u00e1 ser cancelada.<\/li>\n\n\n\n<li>Os resumos a serem submetidos devem conter, no caso de aceite, o mesmo conte\u00fado do que ser\u00e1 apresentado no congresso.<\/li>\n\n\n\n<li>Os Autores se comprometem a cumprir rigorosamente o calend\u00e1rio de exposi\u00e7\u00e3o e\/ou apresenta\u00e7\u00e3o de seu trabalho conforme programa\u00e7\u00e3o<\/li>\n\n\n\n<li>Interesses comerciais devem ser explicitados e declarados por todos os autores e coautores.<\/li>\n<\/ul>\n\n\n\n<ul class=\"wp-block-list\">\n<li style=\"display: block;\">Todos os trabalhos cient\u00edficos devem ter sido aprovados por um Comit\u00ea de \u00c9tica em Pesquisa. Esta solicita\u00e7\u00e3o faz parte da <a href=\"https:\/\/cbo.iweventos.com.br\/temas\/cbo2020\/arquivos\/resolucao-466.pdf\" data-type=\"link\" data-id=\"https:\/\/cbo.iweventos.com.br\/temas\/cbo2020\/arquivos\/resolucao-466.pdf\">resolu\u00e7\u00e3o do CNS 466<\/a>, de 12 de dezembro de 2012.<\/li>\n\n\n\n<li>Todos os trabalhos ser\u00e3o apresentados na&nbsp;forma de p\u00f4ster.<\/li>\n\n\n\n<li>O autor principal ser\u00e1 respons\u00e1vel pela formata\u00e7\u00e3o e impress\u00e3o do p\u00f4ster com medida padr\u00e3o 90cm (Largura) x 120cm (Altura<\/li>\n<\/ul>\n\n\n\n<p>Inscri\u00e7\u00f5es encerradas<\/p>\n\n\n\n<h2 class=\"wp-block-heading\">Patrocinio: <\/h2>\n\n\n\n<p>Programa PAEP Capes &#8211; Aux\u00edlio N\u00ba 2642\/2024, Processo N\u00ba 88881.946176\/2024-01<\/p>\n","protected":false},"excerpt":{"rendered":"<p>Normas para envio de Resumos: Inscri\u00e7\u00f5es encerradas Patrocinio: Programa PAEP Capes &#8211; Aux\u00edlio N\u00ba 2642\/2024, Processo N\u00ba 88881.946176\/2024-01<\/p>\n","protected":false},"author":1,"featured_media":0,"parent":0,"menu_order":0,"comment_status":"closed","ping_status":"closed","template":"template\/template-resumo-encontro-medicina.php","meta":{"_acf_changed":false,"footnotes":""},"class_list":["post-15694","page","type-page","status-publish","hentry"],"acf":[],"_links":{"self":[{"href":"https:\/\/oftalmodapaulista.com.br\/profissional\/wp-json\/wp\/v2\/pages\/15694","targetHints":{"allow":["GET"]}}],"collection":[{"href":"https:\/\/oftalmodapaulista.com.br\/profissional\/wp-json\/wp\/v2\/pages"}],"about":[{"href":"https:\/\/oftalmodapaulista.com.br\/profissional\/wp-json\/wp\/v2\/types\/page"}],"author":[{"embeddable":true,"href":"https:\/\/oftalmodapaulista.com.br\/profissional\/wp-json\/wp\/v2\/users\/1"}],"replies":[{"embeddable":true,"href":"https:\/\/oftalmodapaulista.com.br\/profissional\/wp-json\/wp\/v2\/comments?post=15694"}],"version-history":[{"count":4,"href":"https:\/\/oftalmodapaulista.com.br\/profissional\/wp-json\/wp\/v2\/pages\/15694\/revisions"}],"predecessor-version":[{"id":15793,"href":"https:\/\/oftalmodapaulista.com.br\/profissional\/wp-json\/wp\/v2\/pages\/15694\/revisions\/15793"}],"wp:attachment":[{"href":"https:\/\/oftalmodapaulista.com.br\/profissional\/wp-json\/wp\/v2\/media?parent=15694"}],"curies":[{"name":"wp","href":"https:\/\/api.w.org\/{rel}","templated":true}]}}