{"id":15105,"date":"2023-11-06T14:12:45","date_gmt":"2023-11-06T17:12:45","guid":{"rendered":"https:\/\/siteoftalmodapau1.websiteseguro.com\/?page_id=15105"},"modified":"2023-11-06T14:16:31","modified_gmt":"2023-11-06T17:16:31","slug":"formulario-analise-curricular-previa-ano-opcional-2332-r4-subespecialidades","status":"publish","type":"page","link":"https:\/\/oftalmodapaulista.com.br\/profissional\/formulario-analise-curricular-previa-ano-opcional-2332-r4-subespecialidades\/","title":{"rendered":"Formul\u00e1rio An\u00e1lise Curricular Pr\u00e9via \u2013 Ano Opcional 2332 \u2013 R4 Subespecialidades"},"content":{"rendered":"","protected":false},"excerpt":{"rendered":"","protected":false},"author":2,"featured_media":0,"parent":0,"menu_order":0,"comment_status":"closed","ping_status":"closed","template":"template\/template-form-avaliacao-curriculo-r4-oftalmologia.php","meta":{"_acf_changed":false,"footnotes":""},"class_list":["post-15105","page","type-page","status-publish","hentry"],"acf":[],"_links":{"self":[{"href":"https:\/\/oftalmodapaulista.com.br\/profissional\/wp-json\/wp\/v2\/pages\/15105","targetHints":{"allow":["GET"]}}],"collection":[{"href":"https:\/\/oftalmodapaulista.com.br\/profissional\/wp-json\/wp\/v2\/pages"}],"about":[{"href":"https:\/\/oftalmodapaulista.com.br\/profissional\/wp-json\/wp\/v2\/types\/page"}],"author":[{"embeddable":true,"href":"https:\/\/oftalmodapaulista.com.br\/profissional\/wp-json\/wp\/v2\/users\/2"}],"replies":[{"embeddable":true,"href":"https:\/\/oftalmodapaulista.com.br\/profissional\/wp-json\/wp\/v2\/comments?post=15105"}],"version-history":[{"count":1,"href":"https:\/\/oftalmodapaulista.com.br\/profissional\/wp-json\/wp\/v2\/pages\/15105\/revisions"}],"predecessor-version":[{"id":15106,"href":"https:\/\/oftalmodapaulista.com.br\/profissional\/wp-json\/wp\/v2\/pages\/15105\/revisions\/15106"}],"wp:attachment":[{"href":"https:\/\/oftalmodapaulista.com.br\/profissional\/wp-json\/wp\/v2\/media?parent=15105"}],"curies":[{"name":"wp","href":"https:\/\/api.w.org\/{rel}","templated":true}]}}

Formulário Análise Curricular Prévia – Ano Opcional 2332 – R4 Subespecialidades
