{"id":14560,"date":"2023-10-30T12:05:50","date_gmt":"2023-10-30T15:05:50","guid":{"rendered":"https:\/\/siteoftalmodapau1.websiteseguro.com\/?page_id=14560"},"modified":"2025-11-12T17:10:26","modified_gmt":"2025-11-12T20:10:26","slug":"o-centro-de-estudos","status":"publish","type":"page","link":"https:\/\/oftalmodapaulista.com.br\/profissional\/o-centro-de-estudos\/","title":{"rendered":"O Centro de Estudos"},"content":{"rendered":"\n<div class=\"wp-block-columns is-layout-flex wp-container-core-columns-is-layout-9d6595d7 wp-block-columns-is-layout-flex\">\n<div class=\"wp-block-column is-layout-flow wp-block-column-is-layout-flow\" style=\"flex-basis:70%\">\n<p>O servi\u00e7o de Oftalmologia da Escola Paulista de Medicina iniciou seus trabalhos assistenciais e de pesquisas em 1937, mesmo antes da primeira turma desta Escola, fundada em 1933, atingir a sexta s\u00e9rie. Seu primeiro catedr\u00e1tico foi o Prof. Moacyr E. \u00c1lvaro, que em 1942 fundou o Centro de Estudos em Oftalmologia que leva o seu nome na atualidade. Em 1945 instituiu os primeiros cursos de especializa\u00e7\u00e3o em oftalmologia e em 1947 o primeiro Curso de Ort\u00f3ptica no Brasil. Permaneceu como professor at\u00e9 1957 quando prematuramente veio a falecer.<\/p>\n\n\n\n<p>Seu substituto na Disciplina de Oftalmologia foi o Prof. Dr. Renato de Toledo o qual cuidou da estrutura\u00e7\u00e3o em Se\u00e7\u00f5es Especializadas por onde os residentes e p\u00f3s-graduandos pudessem estagiar. O quadro de professores da Disciplina na \u00e9poca era composto por Renato de Toledo como titular, Rubens Belfort Mattos, Jos\u00e9 Belmiro de Castro Moreira, Paulo Bei, Milton Correa Meyer como adjuntos, Jos\u00e9 Carlos Reys e Ricardo Uras como assistentes, Rubens Belfort Jr. como auxiliar de ensino e Ernesto Consoni como colaborador, al\u00e9m das ortoptistas Alexina Ferreira, Dalel Haddad, Maria Cec\u00edlia Lapa da Silva, Doris Blay e Sueli Muller.<\/p>\n<\/div>\n\n\n\n<div class=\"wp-block-column is-layout-flow wp-block-column-is-layout-flow\">\n<figure class=\"wp-block-image size-large is-resized\"><img decoding=\"async\" src=\"https:\/\/oftalmodapaulista.com.br\/profissional\/wp-content\/uploads\/2023\/10\/image-9.png\" alt=\"\" style=\"aspect-ratio:0.7604562737642585;width:233px;height:auto\"\/><figcaption class=\"wp-element-caption\">Prof. Moacyr E. \u00c1lvaro<\/figcaption><\/figure>\n<\/div>\n<\/div>\n\n\n\n<p>A Disciplina sempre contou com a colabora\u00e7\u00e3o de profissionais volunt\u00e1rios e destacamos aqui o saudoso Prof. Jos\u00e9 Carlos Gouv\u00eaa Pacheco, respons\u00e1vel pelo est\u00e1gio em oncologia ocular, uma vez que era Chefe da Cl\u00ednica Oftalmol\u00f3gica do Hospital A. C. Camargo da Funda\u00e7\u00e3o Antonio Prudente. Outros professores contribu\u00edram grandemente na forma\u00e7\u00e3o do nosso hoje Departamento de Oftalmologia: Alexandre Tena Almada, Hamleto Em\u00edlio Molinari, Jos\u00e9 Ricardo Carvalho de Lima Rehder, e Mariza Toledo de Abreu.<\/p>\n\n\n\n<div class=\"wp-block-columns is-layout-flex wp-container-core-columns-is-layout-9d6595d7 wp-block-columns-is-layout-flex\">\n<div class=\"wp-block-column is-layout-flow wp-block-column-is-layout-flow\" style=\"flex-basis:100%\">\n<div class=\"wp-block-group\"><div class=\"wp-block-group__inner-container is-layout-constrained wp-block-group-is-layout-constrained\">\n<div class=\"wp-block-buttons is-content-justification-center is-layout-flex wp-container-core-buttons-is-layout-16018d1d wp-block-buttons-is-layout-flex\">\n<div class=\"wp-block-button is-style-fill p-2\"><a class=\"wp-block-button__link wp-element-button\" href=\"https:\/\/oftalmodapaulista.com.br\/profissional\/wp-content\/uploads\/2025\/11\/Prof.-Dr.-Moacyr-Eik-Alvaro.pdf\" target=\"_blank\" rel=\"noreferrer noopener nofollow\">Prof. Dr. Moacyr Eik \u00c1lvaro<\/a><\/div>\n\n\n\n<div class=\"wp-block-button is-style-fill p-2\"><a class=\"wp-block-button__link wp-element-button\" href=\"https:\/\/oftalmodapaulista.com.br\/profissional\/wp-content\/uploads\/2025\/11\/Prof.-Dr.-Moacyr-Eik-Alvaro-Obituario-1959.pdf\" target=\"_blank\" rel=\"noreferrer noopener nofollow\">Prof. Dr. Moacyr Eik \u00c1lvaro &#8211; Obitu\u00e1rio &#8211; 1959<\/a><\/div>\n\n\n\n<div class=\"wp-block-button is-style-fill p-2\"><a class=\"wp-block-button__link wp-element-button\" href=\"https:\/\/oftalmodapaulista.com.br\/profissional\/wp-content\/uploads\/2025\/11\/Prof.-Dr.-Renato-de-Toledo.pdf\" target=\"_blank\" rel=\"noreferrer noopener nofollow\">Prof. Dr. Renato de Toledo<\/a><\/div>\n\n\n\n<div class=\"wp-block-button is-style-fill p-2\"><a class=\"wp-block-button__link wp-element-button\" href=\"https:\/\/oftalmodapaulista.com.br\/profissional\/wp-content\/uploads\/2025\/11\/Discurso-de-abertura-das-atividades-de-1967-do-CEO-Moacyr-Alvaro.pdf\" target=\"_blank\" rel=\"noreferrer noopener nofollow\">Discurso de abertura das atividades de 1967 do CEO Moacyr\u00a0\u00c1lvaro<\/a><\/div>\n<\/div>\n<\/div><\/div>\n<\/div>\n<\/div>\n\n\n\n<div class=\"wp-block-group\"><div class=\"wp-block-group__inner-container is-layout-constrained wp-block-group-is-layout-constrained\">\n<div>\u00a0<\/div>\n<\/div><\/div>\n\n\n\n<p><\/p>\n","protected":false},"excerpt":{"rendered":"<p>O servi\u00e7o de Oftalmologia da Escola Paulista de Medicina iniciou seus trabalhos assistenciais e de pesquisas em 1937, mesmo antes da primeira turma desta Escola, fundada em 1933, atingir a sexta s\u00e9rie. Seu primeiro catedr\u00e1tico foi o Prof. Moacyr E. \u00c1lvaro, que em 1942 fundou o Centro de Estudos em Oftalmologia que leva o seu&#8230;<\/p>\n","protected":false},"author":1,"featured_media":0,"parent":0,"menu_order":0,"comment_status":"closed","ping_status":"closed","template":"","meta":{"_acf_changed":false,"footnotes":""},"class_list":["post-14560","page","type-page","status-publish","hentry"],"acf":[],"_links":{"self":[{"href":"https:\/\/oftalmodapaulista.com.br\/profissional\/wp-json\/wp\/v2\/pages\/14560","targetHints":{"allow":["GET"]}}],"collection":[{"href":"https:\/\/oftalmodapaulista.com.br\/profissional\/wp-json\/wp\/v2\/pages"}],"about":[{"href":"https:\/\/oftalmodapaulista.com.br\/profissional\/wp-json\/wp\/v2\/types\/page"}],"author":[{"embeddable":true,"href":"https:\/\/oftalmodapaulista.com.br\/profissional\/wp-json\/wp\/v2\/users\/1"}],"replies":[{"embeddable":true,"href":"https:\/\/oftalmodapaulista.com.br\/profissional\/wp-json\/wp\/v2\/comments?post=14560"}],"version-history":[{"count":22,"href":"https:\/\/oftalmodapaulista.com.br\/profissional\/wp-json\/wp\/v2\/pages\/14560\/revisions"}],"predecessor-version":[{"id":16248,"href":"https:\/\/oftalmodapaulista.com.br\/profissional\/wp-json\/wp\/v2\/pages\/14560\/revisions\/16248"}],"wp:attachment":[{"href":"https:\/\/oftalmodapaulista.com.br\/profissional\/wp-json\/wp\/v2\/media?parent=14560"}],"curies":[{"name":"wp","href":"https:\/\/api.w.org\/{rel}","templated":true}]}}

<div class="wp-block-columns is-layout-flex wp-container-core-columns-is-layout-9d6595d7 wp-block-columns-is-layout-flex">
<div class="wp-block-column is-layout-flow wp-block-column-is-layout-flow" style="flex-basis:70%">
<p>O serviço de Oftalmologia da Escola Paulista de Medicina iniciou seus trabalhos assistenciais e de pesquisas em 1937, mesmo antes da primeira turma desta Escola, fundada em 1933, atingir a sexta série. Seu primeiro catedrático foi o Prof. Moacyr E. Álvaro, que em 1942 fundou o Centro de Estudos em Oftalmologia que leva o seu nome na atualidade. Em 1945 instituiu os primeiros cursos de especialização em oftalmologia e em 1947 o primeiro Curso de Ortóptica no Brasil. Permaneceu como professor até 1957 quando prematuramente veio a falecer.</p>



<p>Seu substituto na Disciplina de Oftalmologia foi o Prof. Dr. Renato de Toledo o qual cuidou da estruturação em Seções Especializadas por onde os residentes e pós-graduandos pudessem estagiar. O quadro de professores da Disciplina na época era composto por Renato de Toledo como titular, Rubens Belfort Mattos, José Belmiro de Castro Moreira, Paulo Bei, Milton Correa Meyer como adjuntos, José Carlos Reys e Ricardo Uras como assistentes, Rubens Belfort Jr. como auxiliar de ensino e Ernesto Consoni como colaborador, além das ortoptistas Alexina Ferreira, Dalel Haddad, Maria Cecília Lapa da Silva, Doris Blay e Sueli Muller.</p>
</div>



<div class="wp-block-column is-layout-flow wp-block-column-is-layout-flow">
<figure class="wp-block-image size-large is-resized"><img decoding="async" src="https://oftalmodapaulista.com.br/profissional/wp-content/uploads/2023/10/image-9.png" alt="" style="aspect-ratio:0.7604562737642585;width:233px;height:auto"/><figcaption class="wp-element-caption">Prof. Moacyr E. Álvaro</figcaption></figure>
</div>
</div>



<p>A Disciplina sempre contou com a colaboração de profissionais voluntários e destacamos aqui o saudoso Prof. José Carlos Gouvêa Pacheco, responsável pelo estágio em oncologia ocular, uma vez que era Chefe da Clínica Oftalmológica do Hospital A. C. Camargo da Fundação Antonio Prudente. Outros professores contribuíram grandemente na formação do nosso hoje Departamento de Oftalmologia: Alexandre Tena Almada, Hamleto Emílio Molinari, José Ricardo Carvalho de Lima Rehder, e Mariza Toledo de Abreu.</p>



<div class="wp-block-columns is-layout-flex wp-container-core-columns-is-layout-9d6595d7 wp-block-columns-is-layout-flex">
<div class="wp-block-column is-layout-flow wp-block-column-is-layout-flow" style="flex-basis:100%">
<div class="wp-block-group"><div class="wp-block-group__inner-container is-layout-constrained wp-block-group-is-layout-constrained">
<div class="wp-block-buttons is-content-justification-center is-layout-flex wp-container-core-buttons-is-layout-16018d1d wp-block-buttons-is-layout-flex">
<div class="wp-block-button is-style-fill p-2"><a class="wp-block-button__link wp-element-button" href="https://oftalmodapaulista.com.br/profissional/wp-content/uploads/2025/11/Prof.-Dr.-Moacyr-Eik-Alvaro.pdf" target="_blank" rel="noreferrer noopener nofollow">Prof. Dr. Moacyr Eik Álvaro</a></div>



<div class="wp-block-button is-style-fill p-2"><a class="wp-block-button__link wp-element-button" href="https://oftalmodapaulista.com.br/profissional/wp-content/uploads/2025/11/Prof.-Dr.-Moacyr-Eik-Alvaro-Obituario-1959.pdf" target="_blank" rel="noreferrer noopener nofollow">Prof. Dr. Moacyr Eik Álvaro &#8211; Obituário &#8211; 1959</a></div>



<div class="wp-block-button is-style-fill p-2"><a class="wp-block-button__link wp-element-button" href="https://oftalmodapaulista.com.br/profissional/wp-content/uploads/2025/11/Prof.-Dr.-Renato-de-Toledo.pdf" target="_blank" rel="noreferrer noopener nofollow">Prof. Dr. Renato de Toledo</a></div>



<div class="wp-block-button is-style-fill p-2"><a class="wp-block-button__link wp-element-button" href="https://oftalmodapaulista.com.br/profissional/wp-content/uploads/2025/11/Discurso-de-abertura-das-atividades-de-1967-do-CEO-Moacyr-Alvaro.pdf" target="_blank" rel="noreferrer noopener nofollow">Discurso de abertura das atividades de 1967 do CEO Moacyr Álvaro</a></div>
</div>
</div></div>
</div>
</div>



<div class="wp-block-group"><div class="wp-block-group__inner-container is-layout-constrained wp-block-group-is-layout-constrained">
<div> </div>
</div></div>



<p></p>

<p>O serviço de Oftalmologia da Escola Paulista de Medicina iniciou seus trabalhos assistenciais e de pesquisas em 1937, mesmo antes da primeira turma desta Escola, fundada em 1933, atingir a sexta série. Seu primeiro catedrático foi o Prof. Moacyr E. Álvaro, que em 1942 fundou o Centro de Estudos em Oftalmologia que leva o seu&#8230;</p>
