{"id":14283,"date":"2023-10-19T11:59:28","date_gmt":"2023-10-19T14:59:28","guid":{"rendered":"https:\/\/siteoftalmodapau1.websiteseguro.com\/?page_id=14283"},"modified":"2023-11-14T14:35:08","modified_gmt":"2023-11-14T17:35:08","slug":"4o-ano","status":"publish","type":"page","link":"https:\/\/oftalmodapaulista.com.br\/profissional\/medicina\/4o-ano\/","title":{"rendered":"4\u00ba Ano"},"content":{"rendered":"\n<p><strong>ALUNOS DE GRADUA\u00c7\u00c3O EM MEDICINA DO 4\u00ba ANO<\/strong><\/p>\n\n\n\n<p>Durante o quarto ano, o Departamento de Oftalmologia realiza uma atividade concentrada e intensiva, que visa fornecer infoma\u00e7\u00f5es te\u00f3ricas aos estudantes. Trata-se de 1 semana em per\u00edodo integral, onde os Professores e Integrantes do Departamento ministrar\u00e3o aulas sobre temas de interesse geral ao m\u00e9dico n\u00e3o Oftalmologista.<\/p>\n\n\n\n<p>As aulas s\u00e3o agrupadas em sec\u00e7\u00f5es anat\u00f4micas e patologias, e seguem aproximadamente o esquema ao lado. O mesmo material desenvolvido nas aulas est\u00e1 dispon\u00edvel em vers\u00e3o impressa e foi elaborado pelo Departamento de Oftalmologia em 2004, sendo atualizado e de leitura recomendada.<\/p>\n\n\n\n<h2 class=\"wp-block-heading\">PROGRAMA<\/h2>\n\n\n\n<p><strong>PARTE 1 \u2013 P\u00c1LPEBRA, \u00d3RBITA E ANEXOS<\/strong><br>Anatomia e Fisiologia da P\u00e1lpebra e Anexos<br>Inflama\u00e7\u00e3o, Posi\u00e7\u00e3o e Les\u00f5es Palpebrais<br>Fisiologia da L\u00e1grima e Altera\u00e7\u00f5es do Sistema Lacrimal<br>Exoftalmia e Orbitopatia de Graves<\/p>\n\n\n\n<p><strong>PARTE 2 \u2013 C\u00d3RNEA E CONJUNTIVA<\/strong><br>Anatomia e Fisiologia da C\u00f3rnea e Conjuntiva<br>Anomalias de Transpar\u00eancia, Espessura, Tamanho e Curvatura da C\u00f3rnea<br>Inflama\u00e7\u00f5es Corneanas<br>Fotofobia e Olho Vermelho Agudo<br>Conjuntivites e Les\u00f5es Conjuntivais<\/p>\n\n\n\n<p><strong>PARTE 3 \u2013 INFLAMA\u00c7\u00d5ES OCULARES<\/strong><br>Dor Ocular<br>Hiperemia da Esclera e Episclera e Rea\u00e7\u00e3o de C\u00e2mara Anterior<br>Uveites<\/p>\n\n\n\n<p><strong>PARTE 4 \u2013 CRISTALINO<\/strong><br>Catarata: Anatomia e Epidemiologia<br>Catarata: Diagn\u00f3stico e Tratamento<br>Diagn\u00f3sticos Diferenciais de Pupila Branca<\/p>\n\n\n\n<p><strong>PARTE 5 \u2013 GLAUCOMA E NERVO \u00d3PTICO<\/strong><br>Glaucoma: Defini\u00e7\u00e3o, Etiopatogenia e Tratamento<br>Altera\u00e7\u00f5es de Cor, Forma, Posi\u00e7\u00e3o e Vasos da Papila<\/p>\n\n\n\n<p><strong>PARTE 6 \u2013 RETINA E V\u00cdTREO<\/strong><br>Anatomia Aplicada da Retina e V\u00edtreo: Moscas Volantes, Flashes e Opacidades V\u00edtreas<br>Les\u00f5es Retinianas: Vasculares, Exsudativas, Hipercr\u00f4micas e Perif\u00e9ricas<br>Exame da M\u00e1cula e Perda de Vis\u00e3o de Cores e Noturna<\/p>\n\n\n\n<p><strong>PARTE 7 \u2013 VIAS \u00d3PTICAS<\/strong><br>Dor de Cabe\u00e7a<br>Exame das Pupilas e Anisocoria<br>Defeitos do Campo Visual<br>Perda S\u00fabita de Vis\u00e3o<\/p>\n\n\n\n<p><strong>PARTE 8 \u2013 ESTRABISMO<\/strong><br>Exame de Acuidade Visual<br>Ambliopia e Nistagmos<br>Diplopia e Desvios Oculares<\/p>\n\n\n\n<p><strong>PARTE 9 \u2013 OFTALMOLOGIA GERAL<\/strong><br>Trauma Ocular<br>Diminui\u00e7\u00e3o da Acuidade Visual<br>Exames e Aparelhos em Oftalmologia<br>Corre\u00e7\u00f5es \u00d3pticas<br>Exame Ocular Normal<br>Iatrogenia em Oftalmologia<\/p>\n\n\n\n<p><strong>Revis\u00e3o e Avalia\u00e7\u00e3o Final<\/strong><\/p>\n\n\n\n<h2 class=\"wp-block-heading\">Material Extra<\/h2>\n\n\n\n<p><strong><a href=\"https:\/\/www.oftalmodapaulista.com.br\/wp-content\/uploads\/2022\/02\/transplante_de_cornea_luciene.pps\">Transplante de C\u00f3rnea: Realidade Atual<\/a><\/strong><br>Dra. Luciene Barbosa de Sousa<\/p>\n\n\n\n<h2 class=\"wp-block-heading\">Biblioteca e Links<\/h2>\n\n\n\n<p>Os alunos do curso de Gradua\u00e7\u00e3o em Medicina podem consultar os livros da Biblioteca do Centro de Estudos Moacyr E. \u00c1lvaro, conforme decis\u00e3o da reuni\u00e3o do Conselho de Departamento de 28\/set\/2005<\/p>\n\n\n\n<ul class=\"wp-block-list\">\n<li><a href=\"http:\/\/www.eyepathologist.com\/Index.asp\">http:\/\/www.eyepathologist.com\/Index.asp<\/a><\/li>\n\n\n\n<li><a href=\"http:\/\/www.atlas-of-ophthalmology.com\/\">http:\/\/www.atlas-of-ophthalmology.com\/<\/a><\/li>\n\n\n\n<li><a href=\"http:\/\/www.eyeatlas.com\/\">http:\/\/www.eyeatlas.com\/<\/a><\/li>\n\n\n\n<li><a href=\"http:\/\/www.mrcophth.com\/retinaatlas\/contents.html#FFA\">http:\/\/www.mrcophth.com\/retinaatlas\/contents.html#FFA<\/a><\/li>\n<\/ul>\n","protected":false},"excerpt":{"rendered":"<p>ALUNOS DE GRADUA\u00c7\u00c3O EM MEDICINA DO 4\u00ba ANO Durante o quarto ano, o Departamento de Oftalmologia realiza uma atividade concentrada e intensiva, que visa fornecer infoma\u00e7\u00f5es te\u00f3ricas aos estudantes. Trata-se de 1 semana em per\u00edodo integral, onde os Professores e Integrantes do Departamento ministrar\u00e3o aulas sobre temas de interesse geral ao m\u00e9dico n\u00e3o Oftalmologista. As&#8230;<\/p>\n","protected":false},"author":1,"featured_media":0,"parent":14262,"menu_order":0,"comment_status":"closed","ping_status":"closed","template":"template-parts\/nav-lateral.php","meta":{"_acf_changed":false,"footnotes":""},"class_list":["post-14283","page","type-page","status-publish","hentry"],"acf":[],"_links":{"self":[{"href":"https:\/\/oftalmodapaulista.com.br\/profissional\/wp-json\/wp\/v2\/pages\/14283","targetHints":{"allow":["GET"]}}],"collection":[{"href":"https:\/\/oftalmodapaulista.com.br\/profissional\/wp-json\/wp\/v2\/pages"}],"about":[{"href":"https:\/\/oftalmodapaulista.com.br\/profissional\/wp-json\/wp\/v2\/types\/page"}],"author":[{"embeddable":true,"href":"https:\/\/oftalmodapaulista.com.br\/profissional\/wp-json\/wp\/v2\/users\/1"}],"replies":[{"embeddable":true,"href":"https:\/\/oftalmodapaulista.com.br\/profissional\/wp-json\/wp\/v2\/comments?post=14283"}],"version-history":[{"count":5,"href":"https:\/\/oftalmodapaulista.com.br\/profissional\/wp-json\/wp\/v2\/pages\/14283\/revisions"}],"predecessor-version":[{"id":15132,"href":"https:\/\/oftalmodapaulista.com.br\/profissional\/wp-json\/wp\/v2\/pages\/14283\/revisions\/15132"}],"up":[{"embeddable":true,"href":"https:\/\/oftalmodapaulista.com.br\/profissional\/wp-json\/wp\/v2\/pages\/14262"}],"wp:attachment":[{"href":"https:\/\/oftalmodapaulista.com.br\/profissional\/wp-json\/wp\/v2\/media?parent=14283"}],"curies":[{"name":"wp","href":"https:\/\/api.w.org\/{rel}","templated":true}]}}

4º Ano

<p><strong>ALUNOS DE GRADUAÇÃO EM MEDICINA DO 4º ANO</strong></p>



<p>Durante o quarto ano, o Departamento de Oftalmologia realiza uma atividade concentrada e intensiva, que visa fornecer infomações teóricas aos estudantes. Trata-se de 1 semana em período integral, onde os Professores e Integrantes do Departamento ministrarão aulas sobre temas de interesse geral ao médico não Oftalmologista.</p>



<p>As aulas são agrupadas em secções anatômicas e patologias, e seguem aproximadamente o esquema ao lado. O mesmo material desenvolvido nas aulas está disponível em versão impressa e foi elaborado pelo Departamento de Oftalmologia em 2004, sendo atualizado e de leitura recomendada.</p>



<h2 class="wp-block-heading">PROGRAMA</h2>



<p><strong>PARTE 1 – PÁLPEBRA, ÓRBITA E ANEXOS</strong><br>Anatomia e Fisiologia da Pálpebra e Anexos<br>Inflamação, Posição e Lesões Palpebrais<br>Fisiologia da Lágrima e Alterações do Sistema Lacrimal<br>Exoftalmia e Orbitopatia de Graves</p>



<p><strong>PARTE 2 – CÓRNEA E CONJUNTIVA</strong><br>Anatomia e Fisiologia da Córnea e Conjuntiva<br>Anomalias de Transparência, Espessura, Tamanho e Curvatura da Córnea<br>Inflamações Corneanas<br>Fotofobia e Olho Vermelho Agudo<br>Conjuntivites e Lesões Conjuntivais</p>



<p><strong>PARTE 3 – INFLAMAÇÕES OCULARES</strong><br>Dor Ocular<br>Hiperemia da Esclera e Episclera e Reação de Câmara Anterior<br>Uveites</p>



<p><strong>PARTE 4 – CRISTALINO</strong><br>Catarata: Anatomia e Epidemiologia<br>Catarata: Diagnóstico e Tratamento<br>Diagnósticos Diferenciais de Pupila Branca</p>



<p><strong>PARTE 5 – GLAUCOMA E NERVO ÓPTICO</strong><br>Glaucoma: Definição, Etiopatogenia e Tratamento<br>Alterações de Cor, Forma, Posição e Vasos da Papila</p>



<p><strong>PARTE 6 – RETINA E VÍTREO</strong><br>Anatomia Aplicada da Retina e Vítreo: Moscas Volantes, Flashes e Opacidades Vítreas<br>Lesões Retinianas: Vasculares, Exsudativas, Hipercrômicas e Periféricas<br>Exame da Mácula e Perda de Visão de Cores e Noturna</p>



<p><strong>PARTE 7 – VIAS ÓPTICAS</strong><br>Dor de Cabeça<br>Exame das Pupilas e Anisocoria<br>Defeitos do Campo Visual<br>Perda Súbita de Visão</p>



<p><strong>PARTE 8 – ESTRABISMO</strong><br>Exame de Acuidade Visual<br>Ambliopia e Nistagmos<br>Diplopia e Desvios Oculares</p>



<p><strong>PARTE 9 – OFTALMOLOGIA GERAL</strong><br>Trauma Ocular<br>Diminuição da Acuidade Visual<br>Exames e Aparelhos em Oftalmologia<br>Correções Ópticas<br>Exame Ocular Normal<br>Iatrogenia em Oftalmologia</p>



<p><strong>Revisão e Avaliação Final</strong></p>



<h2 class="wp-block-heading">Material Extra</h2>



<p><strong><a href="https://www.oftalmodapaulista.com.br/wp-content/uploads/2022/02/transplante_de_cornea_luciene.pps">Transplante de Córnea: Realidade Atual</a></strong><br>Dra. Luciene Barbosa de Sousa</p>



<h2 class="wp-block-heading">Biblioteca e Links</h2>



<p>Os alunos do curso de Graduação em Medicina podem consultar os livros da Biblioteca do Centro de Estudos Moacyr E. Álvaro, conforme decisão da reunião do Conselho de Departamento de 28/set/2005</p>



<ul class="wp-block-list">
<li><a href="http://www.eyepathologist.com/Index.asp">http://www.eyepathologist.com/Index.asp</a></li>



<li><a href="http://www.atlas-of-ophthalmology.com/">http://www.atlas-of-ophthalmology.com/</a></li>



<li><a href="http://www.eyeatlas.com/">http://www.eyeatlas.com/</a></li>



<li><a href="http://www.mrcophth.com/retinaatlas/contents.html#FFA">http://www.mrcophth.com/retinaatlas/contents.html#FFA</a></li>
</ul>

<p>ALUNOS DE GRADUAÇÃO EM MEDICINA DO 4º ANO Durante o quarto ano, o Departamento de Oftalmologia realiza uma atividade concentrada e intensiva, que visa fornecer infomações teóricas aos estudantes. Trata-se de 1 semana em período integral, onde os Professores e Integrantes do Departamento ministrarão aulas sobre temas de interesse geral ao médico não Oftalmologista. As&#8230;</p>
