{"id":14280,"date":"2023-10-19T11:56:48","date_gmt":"2023-10-19T14:56:48","guid":{"rendered":"https:\/\/siteoftalmodapau1.websiteseguro.com\/?page_id=14280"},"modified":"2023-11-14T14:34:28","modified_gmt":"2023-11-14T17:34:28","slug":"2o-e-3o-ano","status":"publish","type":"page","link":"https:\/\/oftalmodapaulista.com.br\/profissional\/medicina\/2o-e-3o-ano\/","title":{"rendered":"2\u00ba e 3\u00ba Ano"},"content":{"rendered":"\n<p><strong>ALUNOS DE GRADUA\u00c7\u00c3O EM MEDICINA DO 2\u00ba E 3\u00ba ANO<\/strong><\/p>\n\n\n\n<p>Durante o segundo e terceiro anos m\u00e9dicos, os estudantes mant\u00e9m liga\u00e7\u00e3o com o Departamento, realizando Inicia\u00e7\u00e3o Cient\u00edfica com seus Docentes.<\/p>\n\n\n\n<p>Mais informa\u00e7\u00f5es sobre as linhas de pesquisa e cronograma para solicita\u00e7\u00e3o das mesmas \u00e9 encontrado junto a <a rel=\"noreferrer noopener\" href=\"mailto:secretaria@oftalmo.epm.br\" target=\"_blank\">secretaria do Departamento.<\/a><\/p>\n","protected":false},"excerpt":{"rendered":"<p>ALUNOS DE GRADUA\u00c7\u00c3O EM MEDICINA DO 2\u00ba E 3\u00ba ANO Durante o segundo e terceiro anos m\u00e9dicos, os estudantes mant\u00e9m liga\u00e7\u00e3o com o Departamento, realizando Inicia\u00e7\u00e3o Cient\u00edfica com seus Docentes. Mais informa\u00e7\u00f5es sobre as linhas de pesquisa e cronograma para solicita\u00e7\u00e3o das mesmas \u00e9 encontrado junto a secretaria do Departamento.<\/p>\n","protected":false},"author":1,"featured_media":0,"parent":14262,"menu_order":0,"comment_status":"closed","ping_status":"closed","template":"template-parts\/nav-lateral.php","meta":{"_acf_changed":false,"footnotes":""},"class_list":["post-14280","page","type-page","status-publish","hentry"],"acf":[],"_links":{"self":[{"href":"https:\/\/oftalmodapaulista.com.br\/profissional\/wp-json\/wp\/v2\/pages\/14280","targetHints":{"allow":["GET"]}}],"collection":[{"href":"https:\/\/oftalmodapaulista.com.br\/profissional\/wp-json\/wp\/v2\/pages"}],"about":[{"href":"https:\/\/oftalmodapaulista.com.br\/profissional\/wp-json\/wp\/v2\/types\/page"}],"author":[{"embeddable":true,"href":"https:\/\/oftalmodapaulista.com.br\/profissional\/wp-json\/wp\/v2\/users\/1"}],"replies":[{"embeddable":true,"href":"https:\/\/oftalmodapaulista.com.br\/profissional\/wp-json\/wp\/v2\/comments?post=14280"}],"version-history":[{"count":5,"href":"https:\/\/oftalmodapaulista.com.br\/profissional\/wp-json\/wp\/v2\/pages\/14280\/revisions"}],"predecessor-version":[{"id":15083,"href":"https:\/\/oftalmodapaulista.com.br\/profissional\/wp-json\/wp\/v2\/pages\/14280\/revisions\/15083"}],"up":[{"embeddable":true,"href":"https:\/\/oftalmodapaulista.com.br\/profissional\/wp-json\/wp\/v2\/pages\/14262"}],"wp:attachment":[{"href":"https:\/\/oftalmodapaulista.com.br\/profissional\/wp-json\/wp\/v2\/media?parent=14280"}],"curies":[{"name":"wp","href":"https:\/\/api.w.org\/{rel}","templated":true}]}}

2º e 3º Ano

<p><strong>ALUNOS DE GRADUAÇÃO EM MEDICINA DO 2º E 3º ANO</strong></p>



<p>Durante o segundo e terceiro anos médicos, os estudantes mantém ligação com o Departamento, realizando Iniciação Científica com seus Docentes.</p>



<p>Mais informações sobre as linhas de pesquisa e cronograma para solicitação das mesmas é encontrado junto a <a rel="noreferrer noopener" href="mailto:secretaria@oftalmo.epm.br" target="_blank">secretaria do Departamento.</a></p>

<p>ALUNOS DE GRADUAÇÃO EM MEDICINA DO 2º E 3º ANO Durante o segundo e terceiro anos médicos, os estudantes mantém ligação com o Departamento, realizando Iniciação Científica com seus Docentes. Mais informações sobre as linhas de pesquisa e cronograma para solicitação das mesmas é encontrado junto a secretaria do Departamento.</p>
