{"id":14276,"date":"2023-10-19T11:54:15","date_gmt":"2023-10-19T14:54:15","guid":{"rendered":"https:\/\/siteoftalmodapau1.websiteseguro.com\/?page_id=14276"},"modified":"2024-04-01T12:36:35","modified_gmt":"2024-04-01T15:36:35","slug":"1o-ano","status":"publish","type":"page","link":"https:\/\/oftalmodapaulista.com.br\/profissional\/medicina\/1o-ano\/","title":{"rendered":"1\u00ba Ano"},"content":{"rendered":"\n<p><strong>ALUNOS DE GRADUA\u00c7\u00c3O EM MEDICINA DO 1\u00ba ANO<\/strong><\/p>\n\n\n\n<p>O Departamento de Oftalmologia da UNIFESP inicia sua participa\u00e7\u00e3o na vida acad\u00eamica dos estudantes precocemente. Recebemos os primeiro-anistas nos diversos cen\u00e1rios de atendimento do Departamento, dentro da disciplina de Aproxima\u00e7\u00e3o \u00e0 Pr\u00e1tica M\u00e9dica I.<\/p>\n\n\n\n<p>Cen\u00e1rios s\u00e3o situa\u00e7\u00f5es de pr\u00e1tica m\u00e9dica, e em nosso caso s\u00e3o situa\u00e7\u00f5es cl\u00ednicas ou cir\u00fargicas onde m\u00e9dicos acompanham os estudantes rec\u00e9m chegados, que ir\u00e3o observar passivamente, sem interfer\u00eancia, a pr\u00e1tica da Oftalmologia.<\/p>\n\n\n\n<p>O tutor \u00e9 um professor da institui\u00e7\u00e3o, com viv\u00eancia acad\u00eamica e did\u00e1tica, al\u00e9m de inser\u00e7\u00e3o no mercado de trabalho, e apresentar\u00e1 as depend\u00eancias do Departamento, e uma atividade estipulada a um grupo de 4 ou 5 alunos a cada m\u00eas, durante o primeiro semestre de cada ano.<\/p>\n\n\n\n<p>Os alunos dever\u00e3o fazer um relat\u00f3rio sobre a visita a cada cen\u00e1rio, e o relat\u00f3rio ser\u00e1 entregue a comiss\u00e3o coordenadora, na atividade da semana seguinte, que consiste na discuss\u00e3o de tal viv\u00eancia, em grupo.<\/p>\n\n\n\n<p>A visita ao cen\u00e1rio \u00e9 realizada na quinta feira das 8 as 12 hs.<\/p>\n\n\n\n<h2 class=\"wp-block-heading\">Material de Apoio<\/h2>\n\n\n\n<ul class=\"wp-block-list\">\n<li><a href=\"https:\/\/oftalmodapaulista.com.br\/profissional\/wp-content\/uploads\/2024\/04\/apm2004.doc\" target=\"_blank\" rel=\"noreferrer noopener\">Aproxima\u00e7\u00e3o \u00e0 pr\u00e1tica m\u00e9dica I \u2013 2004<\/a><\/li>\n\n\n\n<li><a href=\"https:\/\/oftalmodapaulista.com.br\/profissional\/wp-content\/uploads\/2024\/04\/apm2005.doc\" target=\"_blank\" rel=\"noreferrer noopener\">Aproxima\u00e7\u00e3o \u00e0 pr\u00e1tica m\u00e9dica I \u2013 2005<\/a><\/li>\n<\/ul>\n\n\n\n<p><\/p>\n\n\n\n<h2 class=\"wp-block-heading\">Biblioteca e Links<\/h2>\n\n\n\n<p>Os alunos do curso de Gradua\u00e7\u00e3o em Medicina podem consultar os livros da Biblioteca do Centro de Estudos Moacyr E. \u00c1lvaro, conforme decis\u00e3o da reuni\u00e3o do Conselho de Departamento de 28\/set\/2005<\/p>\n\n\n\n<ul class=\"wp-block-list\">\n<li><a href=\"http:\/\/www.eyepathologist.com\/Index.asp\">http:\/\/www.eyepathologist.com\/Index.asp<\/a><\/li>\n\n\n\n<li><a href=\"http:\/\/www.atlas-of-ophthalmology.com\/\">http:\/\/www.atlas-of-ophthalmology.com\/<\/a><\/li>\n\n\n\n<li><a href=\"http:\/\/www.eyeatlas.com\/\">http:\/\/www.eyeatlas.com\/<\/a><\/li>\n\n\n\n<li><a href=\"http:\/\/www.mrcophth.com\/retinaatlas\/contents.html#FFA\">http:\/\/www.mrcophth.com\/retinaatlas\/contents.html#FFA<\/a><\/li>\n<\/ul>\n","protected":false},"excerpt":{"rendered":"<p>ALUNOS DE GRADUA\u00c7\u00c3O EM MEDICINA DO 1\u00ba ANO O Departamento de Oftalmologia da UNIFESP inicia sua participa\u00e7\u00e3o na vida acad\u00eamica dos estudantes precocemente. Recebemos os primeiro-anistas nos diversos cen\u00e1rios de atendimento do Departamento, dentro da disciplina de Aproxima\u00e7\u00e3o \u00e0 Pr\u00e1tica M\u00e9dica I. Cen\u00e1rios s\u00e3o situa\u00e7\u00f5es de pr\u00e1tica m\u00e9dica, e em nosso caso s\u00e3o situa\u00e7\u00f5es cl\u00ednicas&#8230;<\/p>\n","protected":false},"author":1,"featured_media":0,"parent":14262,"menu_order":0,"comment_status":"closed","ping_status":"closed","template":"template-parts\/nav-lateral.php","meta":{"_acf_changed":false,"footnotes":""},"class_list":["post-14276","page","type-page","status-publish","hentry"],"acf":[],"_links":{"self":[{"href":"https:\/\/oftalmodapaulista.com.br\/profissional\/wp-json\/wp\/v2\/pages\/14276","targetHints":{"allow":["GET"]}}],"collection":[{"href":"https:\/\/oftalmodapaulista.com.br\/profissional\/wp-json\/wp\/v2\/pages"}],"about":[{"href":"https:\/\/oftalmodapaulista.com.br\/profissional\/wp-json\/wp\/v2\/types\/page"}],"author":[{"embeddable":true,"href":"https:\/\/oftalmodapaulista.com.br\/profissional\/wp-json\/wp\/v2\/users\/1"}],"replies":[{"embeddable":true,"href":"https:\/\/oftalmodapaulista.com.br\/profissional\/wp-json\/wp\/v2\/comments?post=14276"}],"version-history":[{"count":8,"href":"https:\/\/oftalmodapaulista.com.br\/profissional\/wp-json\/wp\/v2\/pages\/14276\/revisions"}],"predecessor-version":[{"id":15231,"href":"https:\/\/oftalmodapaulista.com.br\/profissional\/wp-json\/wp\/v2\/pages\/14276\/revisions\/15231"}],"up":[{"embeddable":true,"href":"https:\/\/oftalmodapaulista.com.br\/profissional\/wp-json\/wp\/v2\/pages\/14262"}],"wp:attachment":[{"href":"https:\/\/oftalmodapaulista.com.br\/profissional\/wp-json\/wp\/v2\/media?parent=14276"}],"curies":[{"name":"wp","href":"https:\/\/api.w.org\/{rel}","templated":true}]}}

1º Ano

<p><strong>ALUNOS DE GRADUAÇÃO EM MEDICINA DO 1º ANO</strong></p>



<p>O Departamento de Oftalmologia da UNIFESP inicia sua participação na vida acadêmica dos estudantes precocemente. Recebemos os primeiro-anistas nos diversos cenários de atendimento do Departamento, dentro da disciplina de Aproximação à Prática Médica I.</p>



<p>Cenários são situações de prática médica, e em nosso caso são situações clínicas ou cirúrgicas onde médicos acompanham os estudantes recém chegados, que irão observar passivamente, sem interferência, a prática da Oftalmologia.</p>



<p>O tutor é um professor da instituição, com vivência acadêmica e didática, além de inserção no mercado de trabalho, e apresentará as dependências do Departamento, e uma atividade estipulada a um grupo de 4 ou 5 alunos a cada mês, durante o primeiro semestre de cada ano.</p>



<p>Os alunos deverão fazer um relatório sobre a visita a cada cenário, e o relatório será entregue a comissão coordenadora, na atividade da semana seguinte, que consiste na discussão de tal vivência, em grupo.</p>



<p>A visita ao cenário é realizada na quinta feira das 8 as 12 hs.</p>



<h2 class="wp-block-heading">Material de Apoio</h2>



<ul class="wp-block-list">
<li><a href="https://oftalmodapaulista.com.br/profissional/wp-content/uploads/2024/04/apm2004.doc" target="_blank" rel="noreferrer noopener">Aproximação à prática médica I – 2004</a></li>



<li><a href="https://oftalmodapaulista.com.br/profissional/wp-content/uploads/2024/04/apm2005.doc" target="_blank" rel="noreferrer noopener">Aproximação à prática médica I – 2005</a></li>
</ul>



<p></p>



<h2 class="wp-block-heading">Biblioteca e Links</h2>



<p>Os alunos do curso de Graduação em Medicina podem consultar os livros da Biblioteca do Centro de Estudos Moacyr E. Álvaro, conforme decisão da reunião do Conselho de Departamento de 28/set/2005</p>



<ul class="wp-block-list">
<li><a href="http://www.eyepathologist.com/Index.asp">http://www.eyepathologist.com/Index.asp</a></li>



<li><a href="http://www.atlas-of-ophthalmology.com/">http://www.atlas-of-ophthalmology.com/</a></li>



<li><a href="http://www.eyeatlas.com/">http://www.eyeatlas.com/</a></li>



<li><a href="http://www.mrcophth.com/retinaatlas/contents.html#FFA">http://www.mrcophth.com/retinaatlas/contents.html#FFA</a></li>
</ul>

<p>ALUNOS DE GRADUAÇÃO EM MEDICINA DO 1º ANO O Departamento de Oftalmologia da UNIFESP inicia sua participação na vida acadêmica dos estudantes precocemente. Recebemos os primeiro-anistas nos diversos cenários de atendimento do Departamento, dentro da disciplina de Aproximação à Prática Médica I. Cenários são situações de prática médica, e em nosso caso são situações clínicas&#8230;</p>
