{"id":14249,"date":"2023-10-19T11:06:00","date_gmt":"2023-10-19T14:06:00","guid":{"rendered":"https:\/\/siteoftalmodapau1.websiteseguro.com\/?page_id=14249"},"modified":"2024-03-19T15:13:58","modified_gmt":"2024-03-19T18:13:58","slug":"grand-round-certificado","status":"publish","type":"page","link":"https:\/\/oftalmodapaulista.com.br\/profissional\/grand-round-certificado\/","title":{"rendered":"Grand Round \u2013 Certificado"},"content":{"rendered":"\n<p class=\"mt-0\"><strong>Para imprimir seu certificado, insira a informa\u00e7\u00e3o solicitada.<\/strong><\/p>\n\n\n\n<p>Certificados dispon\u00edveis de at\u00e9 2017. Demais anos emitir atrav\u00e9s do link\u00a0<a href=\"https:\/\/www.unifesp.br\/reitoria\/proec\/consultar-inscricao\" target=\"_blank\" rel=\"noreferrer noopener\">https:\/\/www.unifesp.br\/reitoria\/proec\/consultar-inscricao<\/a><\/p>\n","protected":false},"excerpt":{"rendered":"<p>Para imprimir seu certificado, insira a informa\u00e7\u00e3o solicitada. Certificados dispon\u00edveis de at\u00e9 2017. Demais anos emitir atrav\u00e9s do link\u00a0https:\/\/www.unifesp.br\/reitoria\/proec\/consultar-inscricao<\/p>\n","protected":false},"author":1,"featured_media":0,"parent":0,"menu_order":0,"comment_status":"closed","ping_status":"closed","template":"template-parts\/nav-lateral.php","meta":{"_acf_changed":false,"footnotes":""},"class_list":["post-14249","page","type-page","status-publish","hentry"],"acf":[],"_links":{"self":[{"href":"https:\/\/oftalmodapaulista.com.br\/profissional\/wp-json\/wp\/v2\/pages\/14249","targetHints":{"allow":["GET"]}}],"collection":[{"href":"https:\/\/oftalmodapaulista.com.br\/profissional\/wp-json\/wp\/v2\/pages"}],"about":[{"href":"https:\/\/oftalmodapaulista.com.br\/profissional\/wp-json\/wp\/v2\/types\/page"}],"author":[{"embeddable":true,"href":"https:\/\/oftalmodapaulista.com.br\/profissional\/wp-json\/wp\/v2\/users\/1"}],"replies":[{"embeddable":true,"href":"https:\/\/oftalmodapaulista.com.br\/profissional\/wp-json\/wp\/v2\/comments?post=14249"}],"version-history":[{"count":7,"href":"https:\/\/oftalmodapaulista.com.br\/profissional\/wp-json\/wp\/v2\/pages\/14249\/revisions"}],"predecessor-version":[{"id":15199,"href":"https:\/\/oftalmodapaulista.com.br\/profissional\/wp-json\/wp\/v2\/pages\/14249\/revisions\/15199"}],"wp:attachment":[{"href":"https:\/\/oftalmodapaulista.com.br\/profissional\/wp-json\/wp\/v2\/media?parent=14249"}],"curies":[{"name":"wp","href":"https:\/\/api.w.org\/{rel}","templated":true}]}}

<p class="mt-0"><strong>Para imprimir seu certificado, insira a informação solicitada.</strong></p>



<p>Certificados disponíveis de até 2017. Demais anos emitir através do link <a href="https://www.unifesp.br/reitoria/proec/consultar-inscricao" target="_blank" rel="noreferrer noopener">https://www.unifesp.br/reitoria/proec/consultar-inscricao</a></p>

<p>Para imprimir seu certificado, insira a informação solicitada. Certificados disponíveis de até 2017. Demais anos emitir através do link https://www.unifesp.br/reitoria/proec/consultar-inscricao</p>
