{"id":14246,"date":"2023-10-19T11:04:25","date_gmt":"2023-10-19T14:04:25","guid":{"rendered":"https:\/\/siteoftalmodapau1.websiteseguro.com\/?page_id=14246"},"modified":"2026-03-20T14:36:23","modified_gmt":"2026-03-20T17:36:23","slug":"grand-round","status":"publish","type":"page","link":"https:\/\/oftalmodapaulista.com.br\/profissional\/grand-round\/","title":{"rendered":"Grand Round"},"content":{"rendered":"\n<p>Participe do&nbsp;<strong>GRAND ROUND<\/strong>&nbsp;todas as segundas-feiras, das 18:30 \u00e0s 20:00 com discuss\u00e3o de casos em acompanhamento no Departamento e nos Servi\u00e7os participantes; aulas de assuntos pol\u00eamicos e de atualiza\u00e7\u00e3o. Relat\u00f3rio de Frequ\u00eancia Programa\u00e7\u00e3o Cient\u00edfica.<\/p>\n\n\n\n<div class=\"wp-block-group is-vertical is-content-justification-center is-layout-flex wp-container-core-group-is-layout-4b2eccd6 wp-block-group-is-layout-flex\">\n<div class=\"wp-block-buttons is-layout-flex wp-block-buttons-is-layout-flex\">\n<div class=\"wp-block-button\"><a class=\"wp-block-button__link wp-element-button\" href=\"https:\/\/forms.gle\/QatjwCkcBWPbRoiH8\" target=\"_blank\" rel=\"noreferrer noopener\">INSCREVA-SE<\/a><\/div>\n<\/div>\n<\/div>\n\n\n\n<div class=\"wp-block-buttons is-content-justification-center is-layout-flex wp-container-core-buttons-is-layout-16018d1d wp-block-buttons-is-layout-flex\">\n<div class=\"wp-block-button\"><a class=\"wp-block-button__link wp-element-button\" href=\"https:\/\/oftalmodapaulista.com.br\/profissional\/wp-content\/uploads\/2026\/03\/Atual-Programa-preliminar-GR-2026-atualizado-em-20mar2026.pdf\" target=\"_blank\" rel=\"noreferrer noopener\"><strong>PROGRAMA\u00c7\u00c3O<\/strong><\/a><\/div>\n<\/div>\n\n\n\n<div data-wp-interactive=\"core\/file\" class=\"wp-block-file\"><object data-wp-bind--hidden=\"!state.hasPdfPreview\" hidden class=\"wp-block-file__embed\" data=\"https:\/\/oftalmodapaulista.com.br\/profissional\/wp-content\/uploads\/2026\/03\/Atual-Programa-preliminar-GR-2026-atualizado-em-20mar2026.pdf\" type=\"application\/pdf\" style=\"width:100%;height:600px\" aria-label=\"Incorporado de Atual Programa preliminar GR 2026 atualizado em 20mar2026.\"><\/object><a id=\"wp-block-file--media-f4b087ed-7d1f-4714-92a1-a3770fbbc6c1\" href=\"https:\/\/oftalmodapaulista.com.br\/profissional\/wp-content\/uploads\/2026\/03\/Atual-Programa-preliminar-GR-2026-atualizado-em-20mar2026.pdf\">Atual Programa preliminar GR 2026 atualizado em 20mar2026<\/a><a href=\"https:\/\/oftalmodapaulista.com.br\/profissional\/wp-content\/uploads\/2026\/03\/Atual-Programa-preliminar-GR-2026-atualizado-em-20mar2026.pdf\" class=\"wp-block-file__button wp-element-button\" download aria-describedby=\"wp-block-file--media-f4b087ed-7d1f-4714-92a1-a3770fbbc6c1\">Baixar<\/a><\/div>\n\n\n\n<div style=\"height:23px\" aria-hidden=\"true\" class=\"wp-block-spacer\"><\/div>\n\n\n\n<p class=\"has-text-align-center\"><strong>INFORMA\u00c7\u00d5ES GERAIS<\/strong><\/p>\n\n\n\n<p><strong>P\u00daBLICO-ALVO<\/strong><br>M\u00e9dico-residente, m\u00e9dico-oftalmologista; aluno de gradua\u00e7\u00e3o de medicina ou tecnologia oft\u00e1lmica da UNIFESP.<\/p>\n\n\n\n<p><strong>FREQU\u00caNCIA<\/strong><br>Ser\u00e1 computada por meio de relat\u00f3rio do zoom e a perman\u00eancia minima na sala \u00e9 de 1 hora e atrav\u00e9s de lista presencial entregue no Anf. O aluno dever\u00e1 se registrar com nome e sobrenome e dever\u00e3o ter no m\u00ednimo 75% de presen\u00e7a nas aulas te\u00f3ricas<\/p>\n\n\n\n<p><strong>Obs.:<\/strong>&nbsp;<strong>Para acessos via Zoom, cada aluno ter\u00e1 o seu pr\u00f3prio link e dever\u00e1 acessar a plataforma atrav\u00e9s dele com nome e sobrenome para registrar a presen\u00e7a, caso acesse pelo link de terceiros e n\u00e3o renomeie, a frequ\u00eancia n\u00e3o ser\u00e1 computada.&nbsp;<\/strong><\/p>\n\n\n\n<p><strong>HOR\u00c1RIO IN\u00cdCIO \/ T\u00c9RMINO<\/strong><br>In\u00edcio: 18:30h<br>T\u00e9rmino: 20:00h<\/p>\n\n\n\n<p><strong>CERTIFICADO<\/strong><br>O participante dever\u00e1 ter no m\u00ednimo 75% de presen\u00e7a nas reuni\u00f5es Todos os certificados estar\u00e3o dispon\u00edveis no site da UNIFESP (<a href=\"https:\/\/www.unifesp.br\/reitoria\/proec\/consultar-inscricao\">https:\/\/www.unifesp.br\/reitoria\/proec\/consultar-inscricao<\/a>), onde foi feita a inscri\u00e7\u00e3o, acesso atrav\u00e9s de login e senha cadastrados.&nbsp;<strong>N\u00c3O ENVIAREMOS POR E-MAIL.<\/strong><\/p>\n\n\n\n<p><strong>JUSTIFICATIVAS DE FALTA<\/strong><br>Ser\u00e3o aceitas declara\u00e7\u00f5es nos seguintes casos: F\u00e9rias, Plant\u00e3o Pronto Socorro, Participa\u00e7\u00e3o em Cursos e Congressos, Centro Cir\u00fargico, Reuni\u00f5es Cient\u00edficas, Licen\u00e7a M\u00e9dica, Outros. Envie sua justificativa&nbsp;<a href=\"mailto:teixeira.aline@unifesp.br\">clicando aqui.<\/a><\/p>\n\n\n\n<p>Em todos os casos citados o participante dever\u00e1 entregar as declara\u00e7\u00f5es em at\u00e9 30 DIAS ap\u00f3s a data da justificativa. As declara\u00e7\u00f5es entregues ap\u00f3s esse per\u00edodo ser\u00e3o desconsideradas.<\/p>\n\n\n\n<p><strong>INFORMA\u00c7\u00d5ES:<\/strong><br>Aline Teixeira<br>Tel: (11) 3385-4343<br>VOIP: 2256<\/p>\n\n\n\n<p>E-mail:&nbsp;<a href=\"mailto:teixeira.aline@unifesp.br\">teixeira.aline@unifesp.br<\/a><\/p>\n","protected":false},"excerpt":{"rendered":"<p>Participe do&nbsp;GRAND ROUND&nbsp;todas as segundas-feiras, das 18:30 \u00e0s 20:00 com discuss\u00e3o de casos em acompanhamento no Departamento e nos Servi\u00e7os participantes; aulas de assuntos pol\u00eamicos e de atualiza\u00e7\u00e3o. Relat\u00f3rio de Frequ\u00eancia Programa\u00e7\u00e3o Cient\u00edfica. INFORMA\u00c7\u00d5ES GERAIS P\u00daBLICO-ALVOM\u00e9dico-residente, m\u00e9dico-oftalmologista; aluno de gradua\u00e7\u00e3o de medicina ou tecnologia oft\u00e1lmica da UNIFESP. FREQU\u00caNCIASer\u00e1 computada por meio de relat\u00f3rio do zoom&#8230;<\/p>\n","protected":false},"author":1,"featured_media":0,"parent":0,"menu_order":0,"comment_status":"closed","ping_status":"closed","template":"template-parts\/nav-lateral.php","meta":{"_acf_changed":false,"footnotes":""},"class_list":["post-14246","page","type-page","status-publish","hentry"],"acf":[],"_links":{"self":[{"href":"https:\/\/oftalmodapaulista.com.br\/profissional\/wp-json\/wp\/v2\/pages\/14246","targetHints":{"allow":["GET"]}}],"collection":[{"href":"https:\/\/oftalmodapaulista.com.br\/profissional\/wp-json\/wp\/v2\/pages"}],"about":[{"href":"https:\/\/oftalmodapaulista.com.br\/profissional\/wp-json\/wp\/v2\/types\/page"}],"author":[{"embeddable":true,"href":"https:\/\/oftalmodapaulista.com.br\/profissional\/wp-json\/wp\/v2\/users\/1"}],"replies":[{"embeddable":true,"href":"https:\/\/oftalmodapaulista.com.br\/profissional\/wp-json\/wp\/v2\/comments?post=14246"}],"version-history":[{"count":32,"href":"https:\/\/oftalmodapaulista.com.br\/profissional\/wp-json\/wp\/v2\/pages\/14246\/revisions"}],"predecessor-version":[{"id":16390,"href":"https:\/\/oftalmodapaulista.com.br\/profissional\/wp-json\/wp\/v2\/pages\/14246\/revisions\/16390"}],"wp:attachment":[{"href":"https:\/\/oftalmodapaulista.com.br\/profissional\/wp-json\/wp\/v2\/media?parent=14246"}],"curies":[{"name":"wp","href":"https:\/\/api.w.org\/{rel}","templated":true}]}}

<p>Participe do&nbsp;<strong>GRAND ROUND</strong>&nbsp;todas as segundas-feiras, das 18:30 às 20:00 com discussão de casos em acompanhamento no Departamento e nos Serviços participantes; aulas de assuntos polêmicos e de atualização. Relatório de Frequência Programação Científica.</p>



<div class="wp-block-group is-vertical is-content-justification-center is-layout-flex wp-container-core-group-is-layout-4b2eccd6 wp-block-group-is-layout-flex">
<div class="wp-block-buttons is-layout-flex wp-block-buttons-is-layout-flex">
<div class="wp-block-button"><a class="wp-block-button__link wp-element-button" href="https://forms.gle/QatjwCkcBWPbRoiH8" target="_blank" rel="noreferrer noopener">INSCREVA-SE</a></div>
</div>
</div>



<div class="wp-block-buttons is-content-justification-center is-layout-flex wp-container-core-buttons-is-layout-16018d1d wp-block-buttons-is-layout-flex">
<div class="wp-block-button"><a class="wp-block-button__link wp-element-button" href="https://oftalmodapaulista.com.br/profissional/wp-content/uploads/2026/03/Atual-Programa-preliminar-GR-2026-atualizado-em-20mar2026.pdf" target="_blank" rel="noreferrer noopener"><strong>PROGRAMAÇÃO</strong></a></div>
</div>



<div data-wp-interactive="core/file" class="wp-block-file"><object data-wp-bind--hidden="!state.hasPdfPreview" hidden class="wp-block-file__embed" data="https://oftalmodapaulista.com.br/profissional/wp-content/uploads/2026/03/Atual-Programa-preliminar-GR-2026-atualizado-em-20mar2026.pdf" type="application/pdf" style="width:100%;height:600px" aria-label="Incorporado de Atual Programa preliminar GR 2026 atualizado em 20mar2026."></object><a id="wp-block-file--media-f4b087ed-7d1f-4714-92a1-a3770fbbc6c1" href="https://oftalmodapaulista.com.br/profissional/wp-content/uploads/2026/03/Atual-Programa-preliminar-GR-2026-atualizado-em-20mar2026.pdf">Atual Programa preliminar GR 2026 atualizado em 20mar2026</a><a href="https://oftalmodapaulista.com.br/profissional/wp-content/uploads/2026/03/Atual-Programa-preliminar-GR-2026-atualizado-em-20mar2026.pdf" class="wp-block-file__button wp-element-button" download aria-describedby="wp-block-file--media-f4b087ed-7d1f-4714-92a1-a3770fbbc6c1">Baixar</a></div>



<div style="height:23px" aria-hidden="true" class="wp-block-spacer"></div>



<p class="has-text-align-center"><strong>INFORMAÇÕES GERAIS</strong></p>



<p><strong>PÚBLICO-ALVO</strong><br>Médico-residente, médico-oftalmologista; aluno de graduação de medicina ou tecnologia oftálmica da UNIFESP.</p>



<p><strong>FREQUÊNCIA</strong><br>Será computada por meio de relatório do zoom e a permanência minima na sala é de 1 hora e através de lista presencial entregue no Anf. O aluno deverá se registrar com nome e sobrenome e deverão ter no mínimo 75% de presença nas aulas teóricas</p>



<p><strong>Obs.:</strong>&nbsp;<strong>Para acessos via Zoom, cada aluno terá o seu próprio link e deverá acessar a plataforma através dele com nome e sobrenome para registrar a presença, caso acesse pelo link de terceiros e não renomeie, a frequência não será computada.&nbsp;</strong></p>



<p><strong>HORÁRIO INÍCIO / TÉRMINO</strong><br>Início: 18:30h<br>Término: 20:00h</p>



<p><strong>CERTIFICADO</strong><br>O participante deverá ter no mínimo 75% de presença nas reuniões Todos os certificados estarão disponíveis no site da UNIFESP (<a href="https://www.unifesp.br/reitoria/proec/consultar-inscricao">https://www.unifesp.br/reitoria/proec/consultar-inscricao</a>), onde foi feita a inscrição, acesso através de login e senha cadastrados.&nbsp;<strong>NÃO ENVIAREMOS POR E-MAIL.</strong></p>



<p><strong>JUSTIFICATIVAS DE FALTA</strong><br>Serão aceitas declarações nos seguintes casos: Férias, Plantão Pronto Socorro, Participação em Cursos e Congressos, Centro Cirúrgico, Reuniões Científicas, Licença Médica, Outros. Envie sua justificativa&nbsp;<a href="mailto:teixeira.aline@unifesp.br">clicando aqui.</a></p>



<p>Em todos os casos citados o participante deverá entregar as declarações em até 30 DIAS após a data da justificativa. As declarações entregues após esse período serão desconsideradas.</p>



<p><strong>INFORMAÇÕES:</strong><br>Aline Teixeira<br>Tel: (11) 3385-4343<br>VOIP: 2256</p>



<p>E-mail:&nbsp;<a href="mailto:teixeira.aline@unifesp.br">teixeira.aline@unifesp.br</a></p>

<p>Participe do&nbsp;GRAND ROUND&nbsp;todas as segundas-feiras, das 18:30 às 20:00 com discussão de casos em acompanhamento no Departamento e nos Serviços participantes; aulas de assuntos polêmicos e de atualização. Relatório de Frequência Programação Científica. INFORMAÇÕES GERAIS PÚBLICO-ALVOMédico-residente, médico-oftalmologista; aluno de graduação de medicina ou tecnologia oftálmica da UNIFESP. FREQUÊNCIASerá computada por meio de relatório do zoom&#8230;</p>
