{"id":14183,"date":"2023-10-18T12:53:19","date_gmt":"2023-10-18T15:53:19","guid":{"rendered":"https:\/\/siteoftalmodapau1.websiteseguro.com\/?page_id=14183"},"modified":"2025-08-04T09:39:09","modified_gmt":"2025-08-04T12:39:09","slug":"quem-somos","status":"publish","type":"page","link":"https:\/\/oftalmodapaulista.com.br\/profissional\/quem-somos\/","title":{"rendered":"Quem somos"},"content":{"rendered":"\n<p>O\u00a0<strong>Departamento de Oftalmologia e Ci\u00eancias Visuais da Escola Paulista de Medicina \u2013 UNIFESP<\/strong>\u00a0teve in\u00edcio em 1937 e forma, com excel\u00eancia, oftalmologistas e tecn\u00f3logos-oft\u00e1lmicos que atuam nas diferentes regi\u00f5es do Brasil e no exterior. Participamos da Gradua\u00e7\u00e3o em Medicina e em Tecnologia Oft\u00e1lmica, da Extens\u00e3o e da P\u00f3s-gradua\u00e7\u00e3o da Escola Paulista de Medicina \u2013 Universidade Federal de S\u00e3o Paulo; e somos respons\u00e1veis pela cl\u00ednica oftalmol\u00f3gica do Hospital S\u00e3o Paulo \u2013 HU e HU2 e pela assessoria ao Banco de Olhos do HSP. Nossa presen\u00e7a \u00e9 marcante entre as institui\u00e7\u00f5es oftalmol\u00f3gicas mais importantes do mundo.<\/p>\n","protected":false},"excerpt":{"rendered":"<p>O\u00a0Departamento de Oftalmologia e Ci\u00eancias Visuais da Escola Paulista de Medicina \u2013 UNIFESP\u00a0teve in\u00edcio em 1937 e forma, com excel\u00eancia, oftalmologistas e tecn\u00f3logos-oft\u00e1lmicos que atuam nas diferentes regi\u00f5es do Brasil e no exterior. Participamos da Gradua\u00e7\u00e3o em Medicina e em Tecnologia Oft\u00e1lmica, da Extens\u00e3o e da P\u00f3s-gradua\u00e7\u00e3o da Escola Paulista de Medicina \u2013 Universidade Federal&#8230;<\/p>\n","protected":false},"author":1,"featured_media":15351,"parent":0,"menu_order":0,"comment_status":"closed","ping_status":"closed","template":"template\/template-quem.php","meta":{"_acf_changed":false,"footnotes":""},"class_list":["post-14183","page","type-page","status-publish","has-post-thumbnail","hentry"],"acf":[],"_links":{"self":[{"href":"https:\/\/oftalmodapaulista.com.br\/profissional\/wp-json\/wp\/v2\/pages\/14183","targetHints":{"allow":["GET"]}}],"collection":[{"href":"https:\/\/oftalmodapaulista.com.br\/profissional\/wp-json\/wp\/v2\/pages"}],"about":[{"href":"https:\/\/oftalmodapaulista.com.br\/profissional\/wp-json\/wp\/v2\/types\/page"}],"author":[{"embeddable":true,"href":"https:\/\/oftalmodapaulista.com.br\/profissional\/wp-json\/wp\/v2\/users\/1"}],"replies":[{"embeddable":true,"href":"https:\/\/oftalmodapaulista.com.br\/profissional\/wp-json\/wp\/v2\/comments?post=14183"}],"version-history":[{"count":41,"href":"https:\/\/oftalmodapaulista.com.br\/profissional\/wp-json\/wp\/v2\/pages\/14183\/revisions"}],"predecessor-version":[{"id":16035,"href":"https:\/\/oftalmodapaulista.com.br\/profissional\/wp-json\/wp\/v2\/pages\/14183\/revisions\/16035"}],"wp:featuredmedia":[{"embeddable":true,"href":"https:\/\/oftalmodapaulista.com.br\/profissional\/wp-json\/wp\/v2\/media\/15351"}],"wp:attachment":[{"href":"https:\/\/oftalmodapaulista.com.br\/profissional\/wp-json\/wp\/v2\/media?parent=14183"}],"curies":[{"name":"wp","href":"https:\/\/api.w.org\/{rel}","templated":true}]}}

<p>O <strong>Departamento de Oftalmologia e Ciências Visuais da Escola Paulista de Medicina – UNIFESP</strong> teve início em 1937 e forma, com excelência, oftalmologistas e tecnólogos-oftálmicos que atuam nas diferentes regiões do Brasil e no exterior. Participamos da Graduação em Medicina e em Tecnologia Oftálmica, da Extensão e da Pós-graduação da Escola Paulista de Medicina – Universidade Federal de São Paulo; e somos responsáveis pela clínica oftalmológica do Hospital São Paulo – HU e HU2 e pela assessoria ao Banco de Olhos do HSP. Nossa presença é marcante entre as instituições oftalmológicas mais importantes do mundo.</p>

<p>O Departamento de Oftalmologia e Ciências Visuais da Escola Paulista de Medicina – UNIFESP teve início em 1937 e forma, com excelência, oftalmologistas e tecnólogos-oftálmicos que atuam nas diferentes regiões do Brasil e no exterior. Participamos da Graduação em Medicina e em Tecnologia Oftálmica, da Extensão e da Pós-graduação da Escola Paulista de Medicina – Universidade Federal&#8230;</p>
