{"id":14100,"date":"2023-10-17T15:53:52","date_gmt":"2023-10-17T18:53:52","guid":{"rendered":"https:\/\/siteoftalmodapau1.websiteseguro.com\/?page_id=14100"},"modified":"2025-12-09T14:46:06","modified_gmt":"2025-12-09T17:46:06","slug":"cirurgia-segura","status":"publish","type":"page","link":"https:\/\/oftalmodapaulista.com.br\/profissional\/cirurgia-segura\/","title":{"rendered":"Cirurgia Segura"},"content":{"rendered":"\n<figure class=\"wp-block-image size-full\"><img loading=\"lazy\" decoding=\"async\" width=\"1835\" height=\"2560\" src=\"https:\/\/oftalmodapaulista.com.br\/profissional\/wp-content\/uploads\/2025\/12\/2025-10-20-banner-cirurgia-segura-1-scaled.png\" alt=\"\" class=\"wp-image-16307\" style=\"object-fit:cover\" srcset=\"https:\/\/oftalmodapaulista.com.br\/profissional\/wp-content\/uploads\/2025\/12\/2025-10-20-banner-cirurgia-segura-1-scaled.png 1835w, https:\/\/oftalmodapaulista.com.br\/profissional\/wp-content\/uploads\/2025\/12\/2025-10-20-banner-cirurgia-segura-1-215x300.png 215w, https:\/\/oftalmodapaulista.com.br\/profissional\/wp-content\/uploads\/2025\/12\/2025-10-20-banner-cirurgia-segura-1-734x1024.png 734w, https:\/\/oftalmodapaulista.com.br\/profissional\/wp-content\/uploads\/2025\/12\/2025-10-20-banner-cirurgia-segura-1-768x1071.png 768w, https:\/\/oftalmodapaulista.com.br\/profissional\/wp-content\/uploads\/2025\/12\/2025-10-20-banner-cirurgia-segura-1-1101x1536.png 1101w, https:\/\/oftalmodapaulista.com.br\/profissional\/wp-content\/uploads\/2025\/12\/2025-10-20-banner-cirurgia-segura-1-1468x2048.png 1468w, https:\/\/oftalmodapaulista.com.br\/profissional\/wp-content\/uploads\/2025\/12\/2025-10-20-banner-cirurgia-segura-1-580x809.png 580w, https:\/\/oftalmodapaulista.com.br\/profissional\/wp-content\/uploads\/2025\/12\/2025-10-20-banner-cirurgia-segura-1-860x1200.png 860w, https:\/\/oftalmodapaulista.com.br\/profissional\/wp-content\/uploads\/2025\/12\/2025-10-20-banner-cirurgia-segura-1-1160x1618.png 1160w\" sizes=\"auto, (max-width: 1835px) 100vw, 1835px\" \/><\/figure>\n\n\n\n<figure class=\"wp-block-embed is-type-video is-provider-youtube wp-block-embed-youtube wp-embed-aspect-16-9 wp-has-aspect-ratio\"><div class=\"wp-block-embed__wrapper\">\n<iframe loading=\"lazy\" title=\"Cirurgia Segura\" width=\"1160\" height=\"653\" src=\"https:\/\/www.youtube.com\/embed\/zxnBOuE2a48?feature=oembed\" frameborder=\"0\" allow=\"accelerometer; autoplay; clipboard-write; encrypted-media; gyroscope; picture-in-picture; web-share\" referrerpolicy=\"strict-origin-when-cross-origin\" allowfullscreen><\/iframe>\n<\/div><figcaption class=\"wp-element-caption\">Obs: Este v\u00eddeo foi gravado em 2019, antes da pandemia, por isso alguns profissionais est\u00e3o sem m\u00e1scara em ambientes onde era permitido.<\/figcaption><\/figure>\n","protected":false},"excerpt":{"rendered":"","protected":false},"author":1,"featured_media":0,"parent":0,"menu_order":0,"comment_status":"closed","ping_status":"closed","template":"","meta":{"_acf_changed":false,"footnotes":""},"class_list":["post-14100","page","type-page","status-publish","hentry"],"acf":[],"_links":{"self":[{"href":"https:\/\/oftalmodapaulista.com.br\/profissional\/wp-json\/wp\/v2\/pages\/14100","targetHints":{"allow":["GET"]}}],"collection":[{"href":"https:\/\/oftalmodapaulista.com.br\/profissional\/wp-json\/wp\/v2\/pages"}],"about":[{"href":"https:\/\/oftalmodapaulista.com.br\/profissional\/wp-json\/wp\/v2\/types\/page"}],"author":[{"embeddable":true,"href":"https:\/\/oftalmodapaulista.com.br\/profissional\/wp-json\/wp\/v2\/users\/1"}],"replies":[{"embeddable":true,"href":"https:\/\/oftalmodapaulista.com.br\/profissional\/wp-json\/wp\/v2\/comments?post=14100"}],"version-history":[{"count":5,"href":"https:\/\/oftalmodapaulista.com.br\/profissional\/wp-json\/wp\/v2\/pages\/14100\/revisions"}],"predecessor-version":[{"id":16309,"href":"https:\/\/oftalmodapaulista.com.br\/profissional\/wp-json\/wp\/v2\/pages\/14100\/revisions\/16309"}],"wp:attachment":[{"href":"https:\/\/oftalmodapaulista.com.br\/profissional\/wp-json\/wp\/v2\/media?parent=14100"}],"curies":[{"name":"wp","href":"https:\/\/api.w.org\/{rel}","templated":true}]}}