{"id":13974,"date":"2023-10-17T11:40:53","date_gmt":"2023-10-17T14:40:53","guid":{"rendered":"https:\/\/siteoftalmodapau1.websiteseguro.com\/?page_id=13974"},"modified":"2024-04-12T11:55:52","modified_gmt":"2024-04-12T14:55:52","slug":"pos-graduacao-e-pesquisa","status":"publish","type":"page","link":"https:\/\/oftalmodapaulista.com.br\/profissional\/pos-graduacao-e-pesquisa\/","title":{"rendered":"P\u00f3s Gradua\u00e7\u00e3o e Pesquisa"},"content":{"rendered":"\n<div class=\"wp-block-group\"><div class=\"wp-block-group__inner-container is-layout-constrained wp-block-group-is-layout-constrained\">\n<p>O Departamento de Oftalmologia da UNIFESP\/Escola Paulista de Medicina iniciou o programa de P\u00f3s-Gradua\u00e7\u00e3o em 1979 e, desde ent\u00e3o, forma professores e pesquisadores interessados no conhecimento dos processos da vis\u00e3o e da oftalmologia como um todo.<\/p>\n\n\n\n<p>O programa mant\u00e9m a maior nota entre os cursos de p\u00f3s-gradua\u00e7\u00e3o em Oftalmologia e Ci\u00eancias Visuais do Brasil, com desempenho equivalente aos mais importantes centros internacionais de ensino e pesquisa. S\u00e3o oferecidos dois cursos: p\u00f3s-gradua\u00e7\u00e3o em Oftalmologia, o qual \u00e9 dirigido ao profissional m\u00e9dico, oftalmologista ou n\u00e3o, mas, com t\u00edtulo de especialista na \u00e1rea, e p\u00f3s-gradua\u00e7\u00e3o em Ci\u00eancias Visuais, para profissionais de n\u00edvel superior, por exemplo, tecn\u00f3logos em oftalmologia, psic\u00f3logos, bi\u00f3logos, enfermeiros, entre outros envolvidos e interessados na \u00e1rea. Ambos os cursos s\u00e3o oferecidos nas modalidades de mestrado acad\u00eamico, doutorado e p\u00f3s-doutorado.<\/p>\n\n\n\n<p>Nas duas primeiras modalidades h\u00e1 duas categorias de p\u00f3s-graduandos: p\u00f3s-graduandos em est\u00e1gio probat\u00f3rio, os quais ainda n\u00e3o est\u00e3o est\u00e1 oficialmente matriculados na UNIFESP, para melhor desenvolvimento do conte\u00fado m\u00ednimo e fundamental da tese, e p\u00f3s-graduandos oficialmente matriculados na UNIFESP. Atualmente, s\u00e3o 26 docentes credenciados junto \u00e0 UNIFESP e aptos para orientar os discentes em curso. As inscri\u00e7\u00f5es para as diferentes modalidades do programa de p\u00f3s-gradua\u00e7\u00e3o s\u00e3o realizadas em fluxo cont\u00ednuo.<\/p>\n\n\n\n<p>Os candidatos \u00e0 P\u00f3s-gradua\u00e7\u00e3o em Oftalmologia e Ci\u00eancias Visuais, ao se matricularem, comprometem-se a terminar a tese e os cr\u00e9ditos correspondentes, pois, se isso n\u00e3o ocorrer, haver\u00e1 um comprometimento vital do programa de P\u00f3s-gradua\u00e7\u00e3o junto aos \u00f3rg\u00e3os avaliadores.<\/p>\n\n\n\n<div style=\"height:24px\" aria-hidden=\"true\" class=\"wp-block-spacer\"><\/div>\n\n\n\n<p class=\"has-text-align-center\"><a href=\"https:\/\/pg.oftalmodapaulista.com.br\/\" target=\"_blank\" rel=\"noreferrer noopener\" class=\"btn btn-primary text-white text-decoration-none\"><strong>Site oficial<\/strong><\/a><\/p>\n\n\n\n<p><strong>Profa. Dra. Denise de Freitas<\/strong><br>Coordenadora<\/p>\n\n\n\n<p><strong>Prof. Dr. Caio Vinicius Saito Regatieri<\/strong><br>Vice-coordenador<\/p>\n\n\n\n<p><strong>Secretaria do Departamento de Oftalmologia<\/strong><br>Rua Botucatu, 806 \u2013 Vila Clementino<br>CEP: 04023-062 \u2013 S\u00e3o Paulo \u2013 SP<\/p>\n\n\n\n<p><strong>C\u00e2mara de P\u00f3s-Gradua\u00e7\u00e3o e Pesquisa Campus EPM<\/strong><br>Rua Botucatu, 740, 2\u00ba andar \u2013 Vila Clementino<br>CEP: 04039-002 \u2013 S\u00e3o Paulo \u2013 SP<br>(11) 5576-4728<br>(11) 5576-4729<\/p>\n\n\n\n<p><strong>Pr\u00f3-reitoria de P\u00f3s-gradua\u00e7\u00e3o e Pesquisa da UNIFESP<br><\/strong>Rua Sena Madureira, 1500 \u2013 2\u00ba andar<br>CEP: 04021-001<strong>\u2013&nbsp;<\/strong>S\u00e3o Paulo \u2013 SP<strong><\/strong><\/p>\n<\/div><\/div>\n\n\n\n<h2 class=\"wp-block-heading\">Centros de pesquisa<\/h2>\n","protected":false},"excerpt":{"rendered":"<p>O Departamento de Oftalmologia da UNIFESP\/Escola Paulista de Medicina iniciou o programa de P\u00f3s-Gradua\u00e7\u00e3o em 1979 e, desde ent\u00e3o, forma professores e pesquisadores interessados no conhecimento dos processos da vis\u00e3o e da oftalmologia como um todo. O programa mant\u00e9m a maior nota entre os cursos de p\u00f3s-gradua\u00e7\u00e3o em Oftalmologia e Ci\u00eancias Visuais do Brasil, com&#8230;<\/p>\n","protected":false},"author":1,"featured_media":0,"parent":0,"menu_order":0,"comment_status":"closed","ping_status":"closed","template":"template\/template-pos-graduacao-e-pesquisa.php","meta":{"_acf_changed":false,"footnotes":""},"class_list":["post-13974","page","type-page","status-publish","hentry"],"acf":[],"_links":{"self":[{"href":"https:\/\/oftalmodapaulista.com.br\/profissional\/wp-json\/wp\/v2\/pages\/13974","targetHints":{"allow":["GET"]}}],"collection":[{"href":"https:\/\/oftalmodapaulista.com.br\/profissional\/wp-json\/wp\/v2\/pages"}],"about":[{"href":"https:\/\/oftalmodapaulista.com.br\/profissional\/wp-json\/wp\/v2\/types\/page"}],"author":[{"embeddable":true,"href":"https:\/\/oftalmodapaulista.com.br\/profissional\/wp-json\/wp\/v2\/users\/1"}],"replies":[{"embeddable":true,"href":"https:\/\/oftalmodapaulista.com.br\/profissional\/wp-json\/wp\/v2\/comments?post=13974"}],"version-history":[{"count":23,"href":"https:\/\/oftalmodapaulista.com.br\/profissional\/wp-json\/wp\/v2\/pages\/13974\/revisions"}],"predecessor-version":[{"id":15346,"href":"https:\/\/oftalmodapaulista.com.br\/profissional\/wp-json\/wp\/v2\/pages\/13974\/revisions\/15346"}],"wp:attachment":[{"href":"https:\/\/oftalmodapaulista.com.br\/profissional\/wp-json\/wp\/v2\/media?parent=13974"}],"curies":[{"name":"wp","href":"https:\/\/api.w.org\/{rel}","templated":true}]}}

Pós Graduação e Pesquisa

<div class="wp-block-group"><div class="wp-block-group__inner-container is-layout-constrained wp-block-group-is-layout-constrained">
<p>O Departamento de Oftalmologia da UNIFESP/Escola Paulista de Medicina iniciou o programa de Pós-Graduação em 1979 e, desde então, forma professores e pesquisadores interessados no conhecimento dos processos da visão e da oftalmologia como um todo.</p>



<p>O programa mantém a maior nota entre os cursos de pós-graduação em Oftalmologia e Ciências Visuais do Brasil, com desempenho equivalente aos mais importantes centros internacionais de ensino e pesquisa. São oferecidos dois cursos: pós-graduação em Oftalmologia, o qual é dirigido ao profissional médico, oftalmologista ou não, mas, com título de especialista na área, e pós-graduação em Ciências Visuais, para profissionais de nível superior, por exemplo, tecnólogos em oftalmologia, psicólogos, biólogos, enfermeiros, entre outros envolvidos e interessados na área. Ambos os cursos são oferecidos nas modalidades de mestrado acadêmico, doutorado e pós-doutorado.</p>



<p>Nas duas primeiras modalidades há duas categorias de pós-graduandos: pós-graduandos em estágio probatório, os quais ainda não estão está oficialmente matriculados na UNIFESP, para melhor desenvolvimento do conteúdo mínimo e fundamental da tese, e pós-graduandos oficialmente matriculados na UNIFESP. Atualmente, são 26 docentes credenciados junto à UNIFESP e aptos para orientar os discentes em curso. As inscrições para as diferentes modalidades do programa de pós-graduação são realizadas em fluxo contínuo.</p>



<p>Os candidatos à Pós-graduação em Oftalmologia e Ciências Visuais, ao se matricularem, comprometem-se a terminar a tese e os créditos correspondentes, pois, se isso não ocorrer, haverá um comprometimento vital do programa de Pós-graduação junto aos órgãos avaliadores.</p>



<div style="height:24px" aria-hidden="true" class="wp-block-spacer"></div>



<p class="has-text-align-center"><a href="https://pg.oftalmodapaulista.com.br/" target="_blank" rel="noreferrer noopener" class="btn btn-primary text-white text-decoration-none"><strong>Site oficial</strong></a></p>



<p><strong>Profa. Dra. Denise de Freitas</strong><br>Coordenadora</p>



<p><strong>Prof. Dr. Caio Vinicius Saito Regatieri</strong><br>Vice-coordenador</p>



<p><strong>Secretaria do Departamento de Oftalmologia</strong><br>Rua Botucatu, 806 – Vila Clementino<br>CEP: 04023-062 – São Paulo – SP</p>



<p><strong>Câmara de Pós-Graduação e Pesquisa Campus EPM</strong><br>Rua Botucatu, 740, 2º andar – Vila Clementino<br>CEP: 04039-002 – São Paulo – SP<br>(11) 5576-4728<br>(11) 5576-4729</p>



<p><strong>Pró-reitoria de Pós-graduação e Pesquisa da UNIFESP<br></strong>Rua Sena Madureira, 1500 – 2º andar<br>CEP: 04021-001<strong>–&nbsp;</strong>São Paulo – SP<strong></strong></p>
</div></div>



<h2 class="wp-block-heading">Centros de pesquisa</h2>

<p>O Departamento de Oftalmologia da UNIFESP/Escola Paulista de Medicina iniciou o programa de Pós-Graduação em 1979 e, desde então, forma professores e pesquisadores interessados no conhecimento dos processos da visão e da oftalmologia como um todo. O programa mantém a maior nota entre os cursos de pós-graduação em Oftalmologia e Ciências Visuais do Brasil, com&#8230;</p>
