{"id":14085,"date":"2023-10-17T14:43:11","date_gmt":"2023-10-17T17:43:11","guid":{"rendered":"https:\/\/siteoftalmodapau1.websiteseguro.com\/?p=14085"},"modified":"2023-11-14T12:22:12","modified_gmt":"2023-11-14T15:22:12","slug":"tratamento-oral-para-edema-macular-diabetico","status":"publish","type":"novo-tratamento","link":"https:\/\/oftalmodapaulista.com.br\/profissional\/novo-tratamento\/tratamento-oral-para-edema-macular-diabetico\/","title":{"rendered":"Tratamento Oral para Edema Macular Diab\u00e9tico"},"content":{"rendered":"\n<p><strong>Protocolo:<\/strong>&nbsp;tratamento oral para tratamento do edema macular diab\u00e9tico: um ensaio cl\u00ednico randomizado<\/p>\n\n\n\n<h3 class=\"wp-block-heading\"><strong>Principais crit\u00e9rios de inclus\u00e3o:<\/strong><\/h3>\n\n\n\n<ul class=\"wp-block-list\">\n<li>Idade >18 anos<\/li>\n\n\n\n<li>Diabetes tipo 1 ou 2<\/li>\n\n\n\n<li>Edema macular diab\u00e9tico com envolvimento central<\/li>\n\n\n\n<li>Acuidade visual entre 20\/40 e 20\/320<\/li>\n<\/ul>\n\n\n\n<h3 class=\"wp-block-heading\">Principais crit\u00e9rios de exclus\u00e3o:<\/h3>\n\n\n\n<ul class=\"wp-block-list\">\n<li>Tratamento pr\u00e9vio com qualquer inje\u00e7\u00e3o intrav\u00edtrea<\/li>\n\n\n\n<li>Laser pr\u00e9vio h\u00e1 menos de 6 meses<\/li>\n\n\n\n<li>Retinopatia diab\u00e9tica com indica\u00e7\u00e3o de tratamento cir\u00fargico<\/li>\n\n\n\n<li>Infec\u00e7\u00e3o intra-ocular ativa ou glaucoma n\u00e3o controlado<\/li>\n\n\n\n<li>Diabetes descompensado (Hb glicada >12mg\/dL)<\/li>\n\n\n\n<li>Insufici\u00eancia hep\u00e1tica ou renal >grau 3<\/li>\n<\/ul>\n\n\n\n<p><strong>Pacientes em potencial podem ser encaminhados diretamente para:<\/strong><\/p>\n\n\n\n<p>Lucas Zago<br>Tel (Whats app): 62-999671901<\/p>\n\n\n\n<p>Felipe Pereira<br>Tel (Whats app): 47-999477790<\/p>\n\n\n\n<p>Dante Akira<br>Tel (Whats app): 11-995479647<\/p>\n","protected":false},"featured_media":0,"template":"","categoria-novo-tratamento":[79],"class_list":["post-14085","novo-tratamento","type-novo-tratamento","status-publish","hentry","categoria-novo-tratamento-setor-de-retina"],"acf":[],"_links":{"self":[{"href":"https:\/\/oftalmodapaulista.com.br\/profissional\/wp-json\/wp\/v2\/novo-tratamento\/14085","targetHints":{"allow":["GET"]}}],"collection":[{"href":"https:\/\/oftalmodapaulista.com.br\/profissional\/wp-json\/wp\/v2\/novo-tratamento"}],"about":[{"href":"https:\/\/oftalmodapaulista.com.br\/profissional\/wp-json\/wp\/v2\/types\/novo-tratamento"}],"wp:attachment":[{"href":"https:\/\/oftalmodapaulista.com.br\/profissional\/wp-json\/wp\/v2\/media?parent=14085"}],"wp:term":[{"taxonomy":"categoria-novo-tratamento","embeddable":true,"href":"https:\/\/oftalmodapaulista.com.br\/profissional\/wp-json\/wp\/v2\/categoria-novo-tratamento?post=14085"}],"curies":[{"name":"wp","href":"https:\/\/api.w.org\/{rel}","templated":true}]}}

Tratamento Oral para Edema Macular Diabético

<p><strong>Protocolo:</strong>&nbsp;tratamento oral para tratamento do edema macular diabético: um ensaio clínico randomizado</p>



<h3 class="wp-block-heading"><strong>Principais critérios de inclusão:</strong></h3>



<ul class="wp-block-list">
<li>Idade >18 anos</li>



<li>Diabetes tipo 1 ou 2</li>



<li>Edema macular diabético com envolvimento central</li>



<li>Acuidade visual entre 20/40 e 20/320</li>
</ul>



<h3 class="wp-block-heading">Principais critérios de exclusão:</h3>



<ul class="wp-block-list">
<li>Tratamento prévio com qualquer injeção intravítrea</li>



<li>Laser prévio há menos de 6 meses</li>



<li>Retinopatia diabética com indicação de tratamento cirúrgico</li>



<li>Infecção intra-ocular ativa ou glaucoma não controlado</li>



<li>Diabetes descompensado (Hb glicada >12mg/dL)</li>



<li>Insuficiência hepática ou renal >grau 3</li>
</ul>



<p><strong>Pacientes em potencial podem ser encaminhados diretamente para:</strong></p>



<p>Lucas Zago<br>Tel (Whats app): 62-999671901</p>



<p>Felipe Pereira<br>Tel (Whats app): 47-999477790</p>



<p>Dante Akira<br>Tel (Whats app): 11-995479647</p>
