{"id":14079,"date":"2023-10-17T14:40:19","date_gmt":"2023-10-17T17:40:19","guid":{"rendered":"https:\/\/siteoftalmodapau1.websiteseguro.com\/?p=14079"},"modified":"2023-11-14T12:18:01","modified_gmt":"2023-11-14T15:18:01","slug":"protocolo-seastar-emixustat-acucela-doenca-de-stargardt","status":"publish","type":"novo-tratamento","link":"https:\/\/oftalmodapaulista.com.br\/profissional\/novo-tratamento\/protocolo-seastar-emixustat-acucela-doenca-de-stargardt\/","title":{"rendered":"Protocolo SeaSTAR \u2013 Emixustat (Acucela) \u2013 Doen\u00e7a de Stargardt"},"content":{"rendered":"\n<p><strong>Pesquisadora Respons\u00e1vel:<\/strong>&nbsp;Dra. Juliana Sallum<\/p>\n\n\n\n<h3 class=\"wp-block-heading\">Objetivo<\/h3>\n\n\n\n<p>Determinar se o cloridrato de emixustate (emixustate) reduz a taxa de progress\u00e3o de atrofia macular (MA) em compara\u00e7\u00e3o ao placebo em participantes com doen\u00e7as de Stargardt (STGD).<\/p>\n\n\n\n<h3 class=\"wp-block-heading\">Crit\u00e9rios de Inclus\u00e3o:<\/h3>\n\n\n\n<ul class=\"wp-block-list\">\n<li>&nbsp;\u2265 16 anos de idade;<\/li>\n\n\n\n<li>Diagn\u00f3stico cl\u00ednico de MA secund\u00e1ria \u00e0 STGD em um ou ambos os olhos;<\/li>\n\n\n\n<li>O participante deve ter uma ou mais muta\u00e7\u00f5es patog\u00eanicas do gene ABCA4 (membro 4 da subfam\u00edlia A do cassete de liga\u00e7\u00e3o de ATP);<\/li>\n\n\n\n<li>O olho em estudo deve atender aos seguintes crit\u00e9rios, conforme determinado pela avalia\u00e7\u00e3o do exame de imagem de autofluoresc\u00eancia de fundo (FAF) pelo centro de leitura central na triagem:<\/li>\n\n\n\n<li>\u00c1rea total de autofluoresc\u00eancia definitivamente reduzida (DDAF)<\/li>\n<\/ul>\n\n\n\n<ul class=\"wp-block-list\">\n<li>Se a les\u00e3o for unifocal:&nbsp;\u2265 3,0 \u2013 22,0 mm\u00b2 (~1,2 \u2013 8,7 \u00e1reas de disco) de tamanho.<\/li>\n\n\n\n<li>Se a les\u00e3o for multifocal:&nbsp;\u2265 1,0 \u2013 22,0 mm\u00b2 (~0,4 \u2013 8,7 \u00e1reas de disco) de tamanho.<\/li>\n<\/ul>\n\n\n\n<ul class=\"wp-block-list\">\n<li>&nbsp;A les\u00e3o toda deve ser completamente visualizada na imagem centrada na m\u00e1cula (campo 2 \u2013 imagem da m\u00e1cula). Deve ser poss\u00edvel obter imagens da les\u00e3o de DDAF em sua totalidade e todas as suas bordas devem ter&nbsp;\u2265 300 m\u00edcrons a partir de todas as bordas da imagem.<\/li>\n\n\n\n<li>Pontua\u00e7\u00e3o de letras da BVCA&nbsp;\u2265 25 letras (aproximadamente&nbsp;\u2265 20\/320 de Snellen) no olho em estudo na triagem.<\/li>\n\n\n\n<li>Limpidez dos meios oculares e dilata\u00e7\u00e3o pupilar adequadas para permitir o exame de imagem de boa qualidade da atrofia macular no olho em estudo.<\/li>\n\n\n\n<li>Capaz e disposto a fornecer consentimento livre e esclarecido\/ assentimento por escrito.<\/li>\n<\/ul>\n\n\n\n<h3 class=\"wp-block-heading\">Crit\u00e9rios de Exclus\u00e3o:<\/h3>\n\n\n\n<ul class=\"wp-block-list\">\n<li>Atrofia macular associada a uma condi\u00e7\u00e3o diferente de STGD.<\/li>\n\n\n\n<li>DDAF com a \u00e1rea de atrofia peripapilar cont\u00edgua no olho em estudo.<\/li>\n\n\n\n<li>Muta\u00e7\u00f5es em qualquer um dos seguintes genes \u2013 alongamento dos \u00e1cido graxos de cadeia muito longa do tipo 4 (ELOVL4), promonina 1 (PROM1) ou periferina 2 (PRPH2)\/degenera\u00e7\u00e3o macular lenta (retinal degeneration slow, SAR).<\/li>\n\n\n\n<li>Presen\u00e7a de uma doen\u00e7a ocular ativa, incluindo, entre outras, neovasculariza\u00e7\u00e3o coroidal, retinopatia diab\u00e9tica, uve\u00edtes, outras doen\u00e7as maculares ou glaucoma\/hipertens\u00e3o ocular n\u00e3o controlados.<\/li>\n\n\n\n<li>Hist\u00f3rico de qualquer cirurgia de superf\u00edcie ocular ou intraocular em um dos olhos&nbsp;\u2265 3 meses antes da triagem.<\/li>\n\n\n\n<li>Participa\u00e7\u00e3o atual ou anterior em um estudo intervencionista para tratar STGD usando terapia gen\u00e9tica ou terapia de c\u00e9lulas tronco.<\/li>\n\n\n\n<li>Participa\u00e7\u00e3o atual ou anterior em um estudo para tratar STGD usando um derivado de vitamina A&nbsp;\u2265 6 meses antes da triagem.<\/li>\n\n\n\n<li>Participa\u00e7\u00e3o atual ou anterior em um estudo para tratar STGD usando um inibidor do complemento&nbsp;\u2265 6 meses antes da triagem.<\/li>\n\n\n\n<li>Hipersensibilidade s\u00e9ria conhecida emixustate ou qualquer dos excipientes nos comprimidos de emixustate (ou seja, celulose microcristalina silicificada, amido pregelatinizado, di\u00f3xido de sil\u00edcio coloidal e \u00e1cido este\u00e1rico).<\/li>\n<\/ul>\n\n\n\n<h3 class=\"wp-block-heading\">Medica\u00e7\u00f5es proibidas:<\/h3>\n\n\n\n<ul class=\"wp-block-list\">\n<li>Uso sist\u00eamico de um indutor forte ou um inibidor forte ou moderado do citocromo P450 2D6 (CYP2D6) a partir de 4 semanas antes da triagem ou entre a triagem e a avalia\u00e7\u00e3o inicial, ou uso planejado durante o per\u00edodo do estudo.<\/li>\n\n\n\n<li>Uso sist\u00eamico de um suplemento de vitamina A ou betacaroteno a partir de 4 semanas antes da triagem ou entre a triagem e a avalia\u00e7\u00e3o inicial, ou uso planejado durante o per\u00edodo do estudo.<\/li>\n\n\n\n<li>conforme determinado pelo investigador,&nbsp; uso de medica\u00e7\u00f5es conhecidas por afetar a vis\u00e3o (por ex., hidroxicloroquina) ou que possam interferir na avalia\u00e7\u00e3o da efic\u00e1cia ou seguran\u00e7a do emixustate, a partir de 4 semanas antes da triagem ou entre a triagem e a avalia\u00e7\u00e3o inicial, ou uso planejado durante o per\u00edodo do estudo.<\/li>\n<\/ul>\n\n\n\n<h3 class=\"wp-block-heading\">Qualquer uma das seguintes anormalidades laboratoriais na triagem:<\/h3>\n\n\n\n<ul class=\"wp-block-list\">\n<li>Aspartato transaminase (AST) ou alanina aminotransferase (ALT) &gt; 3,0 x limite superior normal (LSN).<\/li>\n\n\n\n<li>Bilirrubina total &gt; 1,5 x LSN.<\/li>\n\n\n\n<li>Creatinina s\u00e9rica &gt; 2,0 mg\/dl<\/li>\n\n\n\n<li>Taxa de filtra\u00e7\u00e3o glomerular estimada (TFGe) &lt; 60 ml\/min\/1,73 m\u00b2.<\/li>\n\n\n\n<li>Fun\u00e7\u00e3o hematol\u00f3gica comprometida: hemoglobina &lt; 11 g\/dl, contagem de neutr\u00f3filos &lt; 1,6 x 10\u2079\/l ou contagem de plaquetas &lt; 100 x 10\u2079\/l.<\/li>\n<\/ul>\n\n\n\n<ul class=\"wp-block-list\">\n<li>Quadro cl\u00ednico ou doen\u00e7a oftalmol\u00f3gica, achado de exame f\u00edsico, ou achado laboratorial cl\u00ednico que, no parecer do investigador, contraindique o uso de um medicamento em investiga\u00e7\u00e3o, coloque o participante ao protocolo, confunda a capacidade de interpretar os dados do estudo ou prejudique a capacidade do participante concluir o protocolo.<\/li>\n\n\n\n<li>C\u00e2ncer atual ou hist\u00f3rico de c\u00e2ncer (exceto carcinoma basocelular ou de c\u00e9lulas escamosas da pele tratado adequadamente) em at\u00e9 1 ano antes da triagem.<\/li>\n\n\n\n<li>Hist\u00f3rico de infarto mioc\u00e1rdio, acidente vascular cerebral, doen\u00e7a card\u00edaca isqu\u00eamica inst\u00e1vel, arritmia card\u00edaca n\u00e3o controlada ou hospitaliza\u00e7\u00e3o por insufici\u00eancia card\u00edaca congestiva at\u00e9 seis meses antes da triagem.<\/li>\n\n\n\n<li>Resultados de eletrocardiograma (ECG) anormais considerados clinicamente significativos pelo investigador na triagem.<\/li>\n<\/ul>\n\n\n\n<p>Pacientes potenciais dever\u00e3o ser encaminhados ao Setor de Pesquisa Cl\u00ednica \u2013 Rua Botucatu, 822 \u2013 1\u00ba andar \u2013 Vila Clementino<\/p>\n\n\n\n<p>Informa\u00e7\u00f5es e Agendamento: Segunda \u00e0 Sexta-feira, das 8:30 \u00e0s 17:30, Telefone (11 ) 5572-4848 ramais 2265 ou 2266<\/p>\n","protected":false},"featured_media":0,"template":"","categoria-novo-tratamento":[76],"class_list":["post-14079","novo-tratamento","type-novo-tratamento","status-publish","hentry","categoria-novo-tratamento-setor-de-pesquisa-clinica"],"acf":[],"_links":{"self":[{"href":"https:\/\/oftalmodapaulista.com.br\/profissional\/wp-json\/wp\/v2\/novo-tratamento\/14079","targetHints":{"allow":["GET"]}}],"collection":[{"href":"https:\/\/oftalmodapaulista.com.br\/profissional\/wp-json\/wp\/v2\/novo-tratamento"}],"about":[{"href":"https:\/\/oftalmodapaulista.com.br\/profissional\/wp-json\/wp\/v2\/types\/novo-tratamento"}],"wp:attachment":[{"href":"https:\/\/oftalmodapaulista.com.br\/profissional\/wp-json\/wp\/v2\/media?parent=14079"}],"wp:term":[{"taxonomy":"categoria-novo-tratamento","embeddable":true,"href":"https:\/\/oftalmodapaulista.com.br\/profissional\/wp-json\/wp\/v2\/categoria-novo-tratamento?post=14079"}],"curies":[{"name":"wp","href":"https:\/\/api.w.org\/{rel}","templated":true}]}}

Protocolo SeaSTAR – Emixustat (Acucela) – Doença de Stargardt

<p><strong>Pesquisadora Responsável:</strong>&nbsp;Dra. Juliana Sallum</p>



<h3 class="wp-block-heading">Objetivo</h3>



<p>Determinar se o cloridrato de emixustate (emixustate) reduz a taxa de progressão de atrofia macular (MA) em comparação ao placebo em participantes com doenças de Stargardt (STGD).</p>



<h3 class="wp-block-heading">Critérios de Inclusão:</h3>



<ul class="wp-block-list">
<li>&nbsp;≥ 16 anos de idade;</li>



<li>Diagnóstico clínico de MA secundária à STGD em um ou ambos os olhos;</li>



<li>O participante deve ter uma ou mais mutações patogênicas do gene ABCA4 (membro 4 da subfamília A do cassete de ligação de ATP);</li>



<li>O olho em estudo deve atender aos seguintes critérios, conforme determinado pela avaliação do exame de imagem de autofluorescência de fundo (FAF) pelo centro de leitura central na triagem:</li>



<li>Área total de autofluorescência definitivamente reduzida (DDAF)</li>
</ul>



<ul class="wp-block-list">
<li>Se a lesão for unifocal:&nbsp;≥ 3,0 – 22,0 mm² (~1,2 – 8,7 áreas de disco) de tamanho.</li>



<li>Se a lesão for multifocal:&nbsp;≥ 1,0 – 22,0 mm² (~0,4 – 8,7 áreas de disco) de tamanho.</li>
</ul>



<ul class="wp-block-list">
<li>&nbsp;A lesão toda deve ser completamente visualizada na imagem centrada na mácula (campo 2 – imagem da mácula). Deve ser possível obter imagens da lesão de DDAF em sua totalidade e todas as suas bordas devem ter&nbsp;≥ 300 mícrons a partir de todas as bordas da imagem.</li>



<li>Pontuação de letras da BVCA&nbsp;≥ 25 letras (aproximadamente&nbsp;≥ 20/320 de Snellen) no olho em estudo na triagem.</li>



<li>Limpidez dos meios oculares e dilatação pupilar adequadas para permitir o exame de imagem de boa qualidade da atrofia macular no olho em estudo.</li>



<li>Capaz e disposto a fornecer consentimento livre e esclarecido/ assentimento por escrito.</li>
</ul>



<h3 class="wp-block-heading">Critérios de Exclusão:</h3>



<ul class="wp-block-list">
<li>Atrofia macular associada a uma condição diferente de STGD.</li>



<li>DDAF com a área de atrofia peripapilar contígua no olho em estudo.</li>



<li>Mutações em qualquer um dos seguintes genes – alongamento dos ácido graxos de cadeia muito longa do tipo 4 (ELOVL4), promonina 1 (PROM1) ou periferina 2 (PRPH2)/degeneração macular lenta (retinal degeneration slow, SAR).</li>



<li>Presença de uma doença ocular ativa, incluindo, entre outras, neovascularização coroidal, retinopatia diabética, uveítes, outras doenças maculares ou glaucoma/hipertensão ocular não controlados.</li>



<li>Histórico de qualquer cirurgia de superfície ocular ou intraocular em um dos olhos&nbsp;≥ 3 meses antes da triagem.</li>



<li>Participação atual ou anterior em um estudo intervencionista para tratar STGD usando terapia genética ou terapia de células tronco.</li>



<li>Participação atual ou anterior em um estudo para tratar STGD usando um derivado de vitamina A&nbsp;≥ 6 meses antes da triagem.</li>



<li>Participação atual ou anterior em um estudo para tratar STGD usando um inibidor do complemento&nbsp;≥ 6 meses antes da triagem.</li>



<li>Hipersensibilidade séria conhecida emixustate ou qualquer dos excipientes nos comprimidos de emixustate (ou seja, celulose microcristalina silicificada, amido pregelatinizado, dióxido de silício coloidal e ácido esteárico).</li>
</ul>



<h3 class="wp-block-heading">Medicações proibidas:</h3>



<ul class="wp-block-list">
<li>Uso sistêmico de um indutor forte ou um inibidor forte ou moderado do citocromo P450 2D6 (CYP2D6) a partir de 4 semanas antes da triagem ou entre a triagem e a avaliação inicial, ou uso planejado durante o período do estudo.</li>



<li>Uso sistêmico de um suplemento de vitamina A ou betacaroteno a partir de 4 semanas antes da triagem ou entre a triagem e a avaliação inicial, ou uso planejado durante o período do estudo.</li>



<li>conforme determinado pelo investigador,&nbsp; uso de medicações conhecidas por afetar a visão (por ex., hidroxicloroquina) ou que possam interferir na avaliação da eficácia ou segurança do emixustate, a partir de 4 semanas antes da triagem ou entre a triagem e a avaliação inicial, ou uso planejado durante o período do estudo.</li>
</ul>



<h3 class="wp-block-heading">Qualquer uma das seguintes anormalidades laboratoriais na triagem:</h3>



<ul class="wp-block-list">
<li>Aspartato transaminase (AST) ou alanina aminotransferase (ALT) &gt; 3,0 x limite superior normal (LSN).</li>



<li>Bilirrubina total &gt; 1,5 x LSN.</li>



<li>Creatinina sérica &gt; 2,0 mg/dl</li>



<li>Taxa de filtração glomerular estimada (TFGe) &lt; 60 ml/min/1,73 m².</li>



<li>Função hematológica comprometida: hemoglobina &lt; 11 g/dl, contagem de neutrófilos &lt; 1,6 x 10⁹/l ou contagem de plaquetas &lt; 100 x 10⁹/l.</li>
</ul>



<ul class="wp-block-list">
<li>Quadro clínico ou doença oftalmológica, achado de exame físico, ou achado laboratorial clínico que, no parecer do investigador, contraindique o uso de um medicamento em investigação, coloque o participante ao protocolo, confunda a capacidade de interpretar os dados do estudo ou prejudique a capacidade do participante concluir o protocolo.</li>



<li>Câncer atual ou histórico de câncer (exceto carcinoma basocelular ou de células escamosas da pele tratado adequadamente) em até 1 ano antes da triagem.</li>



<li>Histórico de infarto miocárdio, acidente vascular cerebral, doença cardíaca isquêmica instável, arritmia cardíaca não controlada ou hospitalização por insuficiência cardíaca congestiva até seis meses antes da triagem.</li>



<li>Resultados de eletrocardiograma (ECG) anormais considerados clinicamente significativos pelo investigador na triagem.</li>
</ul>



<p>Pacientes potenciais deverão ser encaminhados ao Setor de Pesquisa Clínica – Rua Botucatu, 822 – 1º andar – Vila Clementino</p>



<p>Informações e Agendamento: Segunda à Sexta-feira, das 8:30 às 17:30, Telefone (11 ) 5572-4848 ramais 2265 ou 2266</p>
