{"id":14062,"date":"2023-10-17T13:06:09","date_gmt":"2023-10-17T16:06:09","guid":{"rendered":"https:\/\/siteoftalmodapau1.websiteseguro.com\/?p=14062"},"modified":"2023-11-14T12:06:05","modified_gmt":"2023-11-14T15:06:05","slug":"protocolo-apl2-303-apellis-atrofia-geografica-secundaria-a-dmri","status":"publish","type":"novo-tratamento","link":"https:\/\/oftalmodapaulista.com.br\/profissional\/novo-tratamento\/protocolo-apl2-303-apellis-atrofia-geografica-secundaria-a-dmri\/","title":{"rendered":"Protocolo APL2-303 \u2013 APELLIS \u2013 Atrofia geogr\u00e1fica secund\u00e1ria \u00e0 DMRI"},"content":{"rendered":"\n<p><strong>Pesquisadora Respons\u00e1vel:&nbsp;<\/strong>Dra Juliana Sallum<\/p>\n\n\n\n<h3 class=\"wp-block-heading\">Objetivo<\/h3>\n\n\n\n<p>Avaliar a efic\u00e1cia do APL-2 em compara\u00e7\u00e3o com a inje\u00e7\u00e3o de placebo em pacientes com AG secund\u00e1ria \u00e0 DMRI, avaliada pela mudan\u00e7a na \u00e1rea total de les\u00f5es AG, desde o in\u00edcio, medida pela FAF.<\/p>\n\n\n\n<h3 class=\"wp-block-heading\">Crit\u00e9rios de Inclus\u00e3o:<\/h3>\n\n\n\n<ul class=\"wp-block-list\">\n<li>\u2265&nbsp;60 anos<\/li>\n\n\n\n<li>AV aproximadamente 20\/320<\/li>\n\n\n\n<li>Diagn\u00f3stico cl\u00ednico de AG da m\u00e1cula secund\u00e1ria \u00e0 DMRI<\/li>\n\n\n\n<li>A les\u00e3o da AG deve atender aos seguintes crit\u00e9rios:<\/li>\n<\/ul>\n\n\n\n<ul class=\"wp-block-list\">\n<li>\u00c1rea total da AG&nbsp;\u2265 2,5 e&nbsp;\u2264 17,5 mm\u00b2.<\/li>\n\n\n\n<li>Se AG for multifocal, pelo menos uma les\u00e3o focal deve ser&nbsp;\u2265 1,25 mm\u00b2 (0,5 DA), com a \u00e1rea total agregada da AG como especificado acima.<\/li>\n\n\n\n<li>Toda les\u00e3o AG deve ser completamente visualizada na imagem centrada na m\u00e1cula e deve poder ser visualizada em sua totalidade e n\u00e3o cont\u00edgua com quaisquer \u00e1reas de atrofia peripapilar.<\/li>\n\n\n\n<li>Presen\u00e7a de qualquer padr\u00e3o de hiperautofluoresc\u00eancia na zona juncional da AG. Aus\u00eancia de hiperautofluoresc\u00eancia (ou seja, padr\u00e3o = nenhum) \u00e9 excludente. \u00b9<\/li>\n<\/ul>\n\n\n\n<ul class=\"wp-block-list\">\n<li>Clareza adequada do meio ocular, dilata\u00e7\u00e3o pupilar adequada e fixa\u00e7\u00e3o para permitir a coleta de imagens de boa qualidade<\/li>\n<\/ul>\n\n\n\n<h3 class=\"wp-block-heading\">Crit\u00e9rios de exclus\u00e3o:<\/h3>\n\n\n\n<ul class=\"wp-block-list\">\n<li>AG secund\u00e1ria \u00e0 uma condi\u00e7\u00e3o diferente da DMRI.<\/li>\n\n\n\n<li>Erro de refra\u00e7\u00e3o &gt; 6 dioptrias de miopia ou um comprimento axial &gt; 26mm.<\/li>\n\n\n\n<li>Qualquer hist\u00f3ria ou neovasculariza\u00e7\u00e3o coroidal ativa (CNV), associada \u00e0 DMRI ou a qualquer outra causa.<\/li>\n\n\n\n<li>Presen\u00e7a de uma doen\u00e7a ocular ativa que na opini\u00e3o do investigador comprometa ou confunda a fun\u00e7\u00e3o visual.<\/li>\n\n\n\n<li>Cirurgia intraocular (incluindo FACO) dentro de 3 meses antes da randomiza\u00e7\u00e3o.<\/li>\n\n\n\n<li>Hist\u00f3ria da terapia com laser na regi\u00e3o macular.<\/li>\n\n\n\n<li>Afacia ou aus\u00eancia da c\u00e1psula posterior. Nota: A capsulotomia posterior do laser YAG para opacifica\u00e7\u00e3o da c\u00e1psula posterior feita pelo menos 60 dias antes da sele\u00e7\u00e3o n\u00e3o \u00e9 excludente.<\/li>\n\n\n\n<li>Qualquer condi\u00e7\u00e3o ocular que n\u00e3o seja AG secund\u00e1ria \u00e0 DMRI que possa precisar de interven\u00e7\u00e3o cir\u00fargica ou m\u00e9dica durante o per\u00edodo do estudo ou, na opini\u00e3o do investigador, poderia comprometer a fun\u00e7\u00e3o visual durante o per\u00edodo do estudo.<\/li>\n\n\n\n<li>Qualquer contraindica\u00e7\u00e3o para inje\u00e7\u00e3o IVT incluindo infec\u00e7\u00e3o ocular ou periocular atual.<\/li>\n\n\n\n<li>Hist\u00f3ria de inje\u00e7\u00e3o intrav\u00edtrea pr\u00e9via.<\/li>\n\n\n\n<li>Participa\u00e7\u00e3o pr\u00e9via em outro estudo cl\u00ednico intervencionista para terapias intrav\u00edtreas em ambos os olhos (incluindo sujeitos que recebem placebo).<\/li>\n\n\n\n<li>Participa\u00e7\u00e3o pr\u00e9via em outro estudo cl\u00ednico de interven\u00e7\u00e3o para atrofia geogr\u00e1fica em qualquer dos olhos, incluindo medica\u00e7\u00e3o oral investigacional e placebo.<\/li>\n\n\n\n<li>Participa\u00e7\u00e3o em qualquer tratamento experimental sist\u00eamico ou qualquer outro novo medicamento investigacional sist\u00eamico dentro de 6 semanas.<\/li>\n\n\n\n<li>Condi\u00e7\u00f5es m\u00e9dicas ou psiqui\u00e1tricas que, na opini\u00e3o do investigador, tornam improv\u00e1vel um acompanhamento consistente durante o per\u00edodo de tratamento de 24 meses ou tornariam o sujeito um candidato inseguro ao estudo.<\/li>\n\n\n\n<li>Qualquer valor laboratorial na sele\u00e7\u00e3o (hematologia, bioqu\u00edmica do sangue ou exame de urina) que, na opini\u00e3o do investigador, \u00e9 clinicamente significante e n\u00e3o \u00e9 adequado para a participa\u00e7\u00e3o no estudo.<\/li>\n\n\n\n<li>Hipersensibilidade \u00e0 fluoresce\u00edna s\u00f3dica para inje\u00e7\u00e3o ou hipersensibilidade ao APL-2 ou a qualquer um dos excipientes da solu\u00e7\u00e3o APL-2.<\/li>\n<\/ul>\n\n\n\n<p>Pacientes potenciais dever\u00e3o ser encaminhados para o Setor de Pesquisa Cl\u00ednica \u2013 Rua Botucatu, 822 \u2013 1\u00ba andar \u2013 Vila Clementino.<\/p>\n\n\n\n<p>Informa\u00e7\u00f5es ou Agendamento: Segunda \u00e0 Sexta-feira, das 08:30 \u00e0s 17:30, telefone (11) 5576-4848 ramais: 2265 ou 2266.<\/p>\n","protected":false},"featured_media":0,"template":"","categoria-novo-tratamento":[76],"class_list":["post-14062","novo-tratamento","type-novo-tratamento","status-publish","hentry","categoria-novo-tratamento-setor-de-pesquisa-clinica"],"acf":[],"_links":{"self":[{"href":"https:\/\/oftalmodapaulista.com.br\/profissional\/wp-json\/wp\/v2\/novo-tratamento\/14062","targetHints":{"allow":["GET"]}}],"collection":[{"href":"https:\/\/oftalmodapaulista.com.br\/profissional\/wp-json\/wp\/v2\/novo-tratamento"}],"about":[{"href":"https:\/\/oftalmodapaulista.com.br\/profissional\/wp-json\/wp\/v2\/types\/novo-tratamento"}],"wp:attachment":[{"href":"https:\/\/oftalmodapaulista.com.br\/profissional\/wp-json\/wp\/v2\/media?parent=14062"}],"wp:term":[{"taxonomy":"categoria-novo-tratamento","embeddable":true,"href":"https:\/\/oftalmodapaulista.com.br\/profissional\/wp-json\/wp\/v2\/categoria-novo-tratamento?post=14062"}],"curies":[{"name":"wp","href":"https:\/\/api.w.org\/{rel}","templated":true}]}}

Protocolo APL2-303 – APELLIS – Atrofia geográfica secundária à DMRI

<p><strong>Pesquisadora Responsável:&nbsp;</strong>Dra Juliana Sallum</p>



<h3 class="wp-block-heading">Objetivo</h3>



<p>Avaliar a eficácia do APL-2 em comparação com a injeção de placebo em pacientes com AG secundária à DMRI, avaliada pela mudança na área total de lesões AG, desde o início, medida pela FAF.</p>



<h3 class="wp-block-heading">Critérios de Inclusão:</h3>



<ul class="wp-block-list">
<li>≥&nbsp;60 anos</li>



<li>AV aproximadamente 20/320</li>



<li>Diagnóstico clínico de AG da mácula secundária à DMRI</li>



<li>A lesão da AG deve atender aos seguintes critérios:</li>
</ul>



<ul class="wp-block-list">
<li>Área total da AG&nbsp;≥ 2,5 e&nbsp;≤ 17,5 mm².</li>



<li>Se AG for multifocal, pelo menos uma lesão focal deve ser&nbsp;≥ 1,25 mm² (0,5 DA), com a área total agregada da AG como especificado acima.</li>



<li>Toda lesão AG deve ser completamente visualizada na imagem centrada na mácula e deve poder ser visualizada em sua totalidade e não contígua com quaisquer áreas de atrofia peripapilar.</li>



<li>Presença de qualquer padrão de hiperautofluorescência na zona juncional da AG. Ausência de hiperautofluorescência (ou seja, padrão = nenhum) é excludente. ¹</li>
</ul>



<ul class="wp-block-list">
<li>Clareza adequada do meio ocular, dilatação pupilar adequada e fixação para permitir a coleta de imagens de boa qualidade</li>
</ul>



<h3 class="wp-block-heading">Critérios de exclusão:</h3>



<ul class="wp-block-list">
<li>AG secundária à uma condição diferente da DMRI.</li>



<li>Erro de refração &gt; 6 dioptrias de miopia ou um comprimento axial &gt; 26mm.</li>



<li>Qualquer história ou neovascularização coroidal ativa (CNV), associada à DMRI ou a qualquer outra causa.</li>



<li>Presença de uma doença ocular ativa que na opinião do investigador comprometa ou confunda a função visual.</li>



<li>Cirurgia intraocular (incluindo FACO) dentro de 3 meses antes da randomização.</li>



<li>História da terapia com laser na região macular.</li>



<li>Afacia ou ausência da cápsula posterior. Nota: A capsulotomia posterior do laser YAG para opacificação da cápsula posterior feita pelo menos 60 dias antes da seleção não é excludente.</li>



<li>Qualquer condição ocular que não seja AG secundária à DMRI que possa precisar de intervenção cirúrgica ou médica durante o período do estudo ou, na opinião do investigador, poderia comprometer a função visual durante o período do estudo.</li>



<li>Qualquer contraindicação para injeção IVT incluindo infecção ocular ou periocular atual.</li>



<li>História de injeção intravítrea prévia.</li>



<li>Participação prévia em outro estudo clínico intervencionista para terapias intravítreas em ambos os olhos (incluindo sujeitos que recebem placebo).</li>



<li>Participação prévia em outro estudo clínico de intervenção para atrofia geográfica em qualquer dos olhos, incluindo medicação oral investigacional e placebo.</li>



<li>Participação em qualquer tratamento experimental sistêmico ou qualquer outro novo medicamento investigacional sistêmico dentro de 6 semanas.</li>



<li>Condições médicas ou psiquiátricas que, na opinião do investigador, tornam improvável um acompanhamento consistente durante o período de tratamento de 24 meses ou tornariam o sujeito um candidato inseguro ao estudo.</li>



<li>Qualquer valor laboratorial na seleção (hematologia, bioquímica do sangue ou exame de urina) que, na opinião do investigador, é clinicamente significante e não é adequado para a participação no estudo.</li>



<li>Hipersensibilidade à fluoresceína sódica para injeção ou hipersensibilidade ao APL-2 ou a qualquer um dos excipientes da solução APL-2.</li>
</ul>



<p>Pacientes potenciais deverão ser encaminhados para o Setor de Pesquisa Clínica – Rua Botucatu, 822 – 1º andar – Vila Clementino.</p>



<p>Informações ou Agendamento: Segunda à Sexta-feira, das 08:30 às 17:30, telefone (11) 5576-4848 ramais: 2265 ou 2266.</p>
