{"id":14060,"date":"2023-10-17T13:05:23","date_gmt":"2023-10-17T16:05:23","guid":{"rendered":"https:\/\/siteoftalmodapau1.websiteseguro.com\/?p=14060"},"modified":"2023-11-14T12:20:27","modified_gmt":"2023-11-14T15:20:27","slug":"protocolo-uveite-por-tb-utb","status":"publish","type":"novo-tratamento","link":"https:\/\/oftalmodapaulista.com.br\/profissional\/novo-tratamento\/protocolo-uveite-por-tb-utb\/","title":{"rendered":"Protocolo Uve\u00edte por TB \u2013 uTB"},"content":{"rendered":"\n<p><strong>Investigadora Principal:<\/strong> Cristina Muccioli<\/p>\n\n\n\n<h3 class=\"wp-block-heading\">Crit\u00e9rios de Inclus\u00e3o:<\/h3>\n\n\n\n<ul class=\"wp-block-list\">\n<li>pacientes de uve\u00edte de ambos g\u00eaneros<\/li>\n\n\n\n<li>idade \u226518 anos,<\/li>\n\n\n\n<li>diagn\u00f3stico etiol\u00f3gico previamente n\u00e3o classificado (n\u00e3o afiliada ou idiop\u00e1tica),<\/li>\n\n\n\n<li>sinais inflamat\u00f3rios ativos \u2013 c\u00e9lulas de c\u00e2mara anterior \u2265 0,5+, c\u00e9lulas v\u00edtreas \u2265 0,5+, ou vasculite retiniana ativa, ou les\u00f5es coriorretinianas ativas, determinadas pelos crit\u00e9rios IUSG<\/li>\n\n\n\n<li>uve\u00edte anterior, uve\u00edte intermedi\u00e1ria, focal, coroidite multifocal ou coriorretinite difusa, incluindo sua forma serpiginosa ou serpiginosa-like, ou vasculite posterior e\/ou perif\u00e9rica ou combina\u00e7\u00f5es dos padr\u00f5es mencionados anteriormente,<\/li>\n\n\n\n<li>uve\u00edte de evolu\u00e7\u00e3o cr\u00f4nica ou persistente (IUSG)<\/li>\n<\/ul>\n\n\n\n<h3 class=\"wp-block-heading\">Crit\u00e9rios de Exclus\u00e3o:<\/h3>\n\n\n\n<ul class=\"wp-block-list\">\n<li>mulheres gr\u00e1vidas ou em per\u00edodo de amamenta\u00e7\u00e3o<\/li>\n\n\n\n<li>pacientes que recebem terapia anti-TB (ATT) ou drogas afins (&lt; 6 meses)<\/li>\n\n\n\n<li>alergia ou intoler\u00e2ncia a ATT<\/li>\n<\/ul>\n\n\n\n<p>Paciente potenciais dever\u00e3o ser encaminhados para triagem no Setor de Pesquisa Cl\u00ednica, \u00e0s segundas-feiras \u00e0s 13hs.<\/p>\n","protected":false},"featured_media":0,"template":"","categoria-novo-tratamento":[76],"class_list":["post-14060","novo-tratamento","type-novo-tratamento","status-publish","hentry","categoria-novo-tratamento-setor-de-pesquisa-clinica"],"acf":[],"_links":{"self":[{"href":"https:\/\/oftalmodapaulista.com.br\/profissional\/wp-json\/wp\/v2\/novo-tratamento\/14060","targetHints":{"allow":["GET"]}}],"collection":[{"href":"https:\/\/oftalmodapaulista.com.br\/profissional\/wp-json\/wp\/v2\/novo-tratamento"}],"about":[{"href":"https:\/\/oftalmodapaulista.com.br\/profissional\/wp-json\/wp\/v2\/types\/novo-tratamento"}],"wp:attachment":[{"href":"https:\/\/oftalmodapaulista.com.br\/profissional\/wp-json\/wp\/v2\/media?parent=14060"}],"wp:term":[{"taxonomy":"categoria-novo-tratamento","embeddable":true,"href":"https:\/\/oftalmodapaulista.com.br\/profissional\/wp-json\/wp\/v2\/categoria-novo-tratamento?post=14060"}],"curies":[{"name":"wp","href":"https:\/\/api.w.org\/{rel}","templated":true}]}}

Protocolo Uveíte por TB – uTB

<p><strong>Investigadora Principal:</strong> Cristina Muccioli</p>



<h3 class="wp-block-heading">Critérios de Inclusão:</h3>



<ul class="wp-block-list">
<li>pacientes de uveíte de ambos gêneros</li>



<li>idade ≥18 anos,</li>



<li>diagnóstico etiológico previamente não classificado (não afiliada ou idiopática),</li>



<li>sinais inflamatórios ativos – células de câmara anterior ≥ 0,5+, células vítreas ≥ 0,5+, ou vasculite retiniana ativa, ou lesões coriorretinianas ativas, determinadas pelos critérios IUSG</li>



<li>uveíte anterior, uveíte intermediária, focal, coroidite multifocal ou coriorretinite difusa, incluindo sua forma serpiginosa ou serpiginosa-like, ou vasculite posterior e/ou periférica ou combinações dos padrões mencionados anteriormente,</li>



<li>uveíte de evolução crônica ou persistente (IUSG)</li>
</ul>



<h3 class="wp-block-heading">Critérios de Exclusão:</h3>



<ul class="wp-block-list">
<li>mulheres grávidas ou em período de amamentação</li>



<li>pacientes que recebem terapia anti-TB (ATT) ou drogas afins (&lt; 6 meses)</li>



<li>alergia ou intolerância a ATT</li>
</ul>



<p>Paciente potenciais deverão ser encaminhados para triagem no Setor de Pesquisa Clínica, às segundas-feiras às 13hs.</p>
