{"id":14058,"date":"2023-10-17T13:04:00","date_gmt":"2023-10-17T16:04:00","guid":{"rendered":"https:\/\/siteoftalmodapau1.websiteseguro.com\/?p=14058"},"modified":"2023-11-14T12:05:23","modified_gmt":"2023-11-14T15:05:23","slug":"protocolo-lucerne-faricimabe-roche-dmri-noevascular","status":"publish","type":"novo-tratamento","link":"https:\/\/oftalmodapaulista.com.br\/profissional\/novo-tratamento\/protocolo-lucerne-faricimabe-roche-dmri-noevascular\/","title":{"rendered":"Protocolo LUCERNE \u2013 Faricimabe (Roche) \u2013 DMRI noevascular"},"content":{"rendered":"\n<p><strong>Pesquisador Respons\u00e1vel:<\/strong>&nbsp;Dr Rubens Belfort Jr.<\/p>\n\n\n\n<h3 class=\"wp-block-heading\"><strong>Objetivo<\/strong><\/h3>\n\n\n\n<p>Investigar a efic\u00e1cia, a seguran\u00e7a, a durabilidade e a farmacocin\u00e9tica de faricimabe administrado em intervalos de at\u00e9 16 semanas a pacientes n\u00e3o tratados anteriormente que apresentam nDMRI<\/p>\n\n\n\n<h3 class=\"wp-block-heading\"><strong>Crit\u00e9rios de Inclus\u00e3o:<\/strong><\/h3>\n\n\n\n<ul class=\"wp-block-list\">\n<li>&nbsp;\u2265 50 anos de idade<\/li>\n\n\n\n<li>NVC n\u00e3o tratada anteriormente secund\u00e1ria \u00e0 DMRI<\/li>\n\n\n\n<li>Les\u00e3o por NVC de qualquer tipo (predominantemente cl\u00e1ssica, minimamente cl\u00e1ssica ou oculta [incluindo vasculopatia coroidal polipoidal&nbsp; prolifera\u00e7\u00e3o angiomatosa retinianal])<\/li>\n\n\n\n<li>BCVA de 78 a 24 letras (de 20\/32 a 20\/320, equivalente Snellen)<\/li>\n<\/ul>\n\n\n\n<h3 class=\"wp-block-heading\"><strong>Crit\u00e9rios de Exclus\u00e3o:<\/strong><\/h3>\n\n\n\n<ul class=\"wp-block-list\">\n<li>Qualquer doen\u00e7a importante ou procedimento cir\u00fargico de grande porte no per\u00edodo de 1 m\u00eas antes da triagem.<\/li>\n\n\n\n<li>C\u00e2ncer ativo no per\u00edodo de 12 meses antes do dia 1.<\/li>\n\n\n\n<li>Press\u00e3o arterial n\u00e3o controlada (PA &gt; 180\/100mmHg).<\/li>\n\n\n\n<li>AVC ou infarto do mioc\u00e1rdio no per\u00edodo de 6 meses antes do dia 1.<\/li>\n\n\n\n<li>NVC devido a outras causas que n\u00e3o DMRI, como histoplasmose ocular, trauma, miopia patol\u00f3gica, estrias angioides, ruptura coroidal ou uve\u00edte.<\/li>\n\n\n\n<li>Qualquer hist\u00f3ria de doen\u00e7a macular n\u00e3o relacionada \u00e0 DMRI que afete a vis\u00e3o ou que contribua para a presen\u00e7a de fluido intrarretiniano ou sub-retiniano.<\/li>\n\n\n\n<li>Coriorretinopatia serosa central.<\/li>\n\n\n\n<li>Ruptura do epit\u00e9lio pigmentar retinal envolvendo a m\u00e1cula no dia 1.<\/li>\n\n\n\n<li>Hemorragia sub-retiniana de &gt; 50% da \u00e1rea total da les\u00e3o.<\/li>\n\n\n\n<li>Fibrose ou atrofia de &gt; 50% da \u00e1rea total da les\u00e3o.<\/li>\n\n\n\n<li>Qualquer condi\u00e7\u00e3o intraocular concomitante (ambliopia, afacia, descolamento de retina, catarata, retinopatia, ou maculopatia diab\u00e9tica ou membrana epirretiniana com tra\u00e7\u00e3o) que, na opini\u00e3o do investigador, poderia reduzir o potencial de melhora visual ou exigir interven\u00e7\u00e3o cir\u00fargica durante o estudo.<\/li>\n\n\n\n<li>Hemorragia v\u00edtrea atual no dia 1.<\/li>\n\n\n\n<li>Glaucoma n\u00e3o controlado.<\/li>\n\n\n\n<li>Erro de refra\u00e7\u00e3o &gt; 8 dioptrias de miopia.<\/li>\n\n\n\n<li>Qualquer tratamento anterior ou concomitante para NVC.<\/li>\n\n\n\n<li>Qualquer outra cirurgia intraocular (vitrectomia via pars plana, cirurgia de glaucoma, transplante de c\u00f3rnea ou radioterapia).<\/li>\n\n\n\n<li>Tratamento farmacol\u00f3gico periocular ou ITV anterior (incluindo medica\u00e7\u00e3o anti-VEGEF) para outras doen\u00e7as retinianas.<\/li>\n\n\n\n<li>Hist\u00f3ria de uve\u00edtes autoimune em qualquer olho.<\/li>\n<\/ul>\n\n\n\n<p>Pacientes potenciais dever\u00e3o ser encaminhados ao Setor de Pesquisa Cl\u00ednica \u2013 Rua Botucatu, 822 \u2013 1\u00ba andar \u2013 Vila Clementino.<\/p>\n\n\n\n<p>Informa\u00e7\u00f5es e Agendamento: Segunda \u00e0 Sexta-feira, das 8:00 \u00e0s 17:00, Telefone (11 ) 5572-4848 ramais 2265 ou 2266.<\/p>\n","protected":false},"featured_media":0,"template":"","categoria-novo-tratamento":[76],"class_list":["post-14058","novo-tratamento","type-novo-tratamento","status-publish","hentry","categoria-novo-tratamento-setor-de-pesquisa-clinica"],"acf":[],"_links":{"self":[{"href":"https:\/\/oftalmodapaulista.com.br\/profissional\/wp-json\/wp\/v2\/novo-tratamento\/14058","targetHints":{"allow":["GET"]}}],"collection":[{"href":"https:\/\/oftalmodapaulista.com.br\/profissional\/wp-json\/wp\/v2\/novo-tratamento"}],"about":[{"href":"https:\/\/oftalmodapaulista.com.br\/profissional\/wp-json\/wp\/v2\/types\/novo-tratamento"}],"wp:attachment":[{"href":"https:\/\/oftalmodapaulista.com.br\/profissional\/wp-json\/wp\/v2\/media?parent=14058"}],"wp:term":[{"taxonomy":"categoria-novo-tratamento","embeddable":true,"href":"https:\/\/oftalmodapaulista.com.br\/profissional\/wp-json\/wp\/v2\/categoria-novo-tratamento?post=14058"}],"curies":[{"name":"wp","href":"https:\/\/api.w.org\/{rel}","templated":true}]}}

<p><strong>Pesquisador Responsável:</strong>&nbsp;Dr Rubens Belfort Jr.</p>



<h3 class="wp-block-heading"><strong>Objetivo</strong></h3>



<p>Investigar a eficácia, a segurança, a durabilidade e a farmacocinética de faricimabe administrado em intervalos de até 16 semanas a pacientes não tratados anteriormente que apresentam nDMRI</p>



<h3 class="wp-block-heading"><strong>Critérios de Inclusão:</strong></h3>



<ul class="wp-block-list">
<li>&nbsp;≥ 50 anos de idade</li>



<li>NVC não tratada anteriormente secundária à DMRI</li>



<li>Lesão por NVC de qualquer tipo (predominantemente clássica, minimamente clássica ou oculta [incluindo vasculopatia coroidal polipoidal&nbsp; proliferação angiomatosa retinianal])</li>



<li>BCVA de 78 a 24 letras (de 20/32 a 20/320, equivalente Snellen)</li>
</ul>



<h3 class="wp-block-heading"><strong>Critérios de Exclusão:</strong></h3>



<ul class="wp-block-list">
<li>Qualquer doença importante ou procedimento cirúrgico de grande porte no período de 1 mês antes da triagem.</li>



<li>Câncer ativo no período de 12 meses antes do dia 1.</li>



<li>Pressão arterial não controlada (PA &gt; 180/100mmHg).</li>



<li>AVC ou infarto do miocárdio no período de 6 meses antes do dia 1.</li>



<li>NVC devido a outras causas que não DMRI, como histoplasmose ocular, trauma, miopia patológica, estrias angioides, ruptura coroidal ou uveíte.</li>



<li>Qualquer história de doença macular não relacionada à DMRI que afete a visão ou que contribua para a presença de fluido intrarretiniano ou sub-retiniano.</li>



<li>Coriorretinopatia serosa central.</li>



<li>Ruptura do epitélio pigmentar retinal envolvendo a mácula no dia 1.</li>



<li>Hemorragia sub-retiniana de &gt; 50% da área total da lesão.</li>



<li>Fibrose ou atrofia de &gt; 50% da área total da lesão.</li>



<li>Qualquer condição intraocular concomitante (ambliopia, afacia, descolamento de retina, catarata, retinopatia, ou maculopatia diabética ou membrana epirretiniana com tração) que, na opinião do investigador, poderia reduzir o potencial de melhora visual ou exigir intervenção cirúrgica durante o estudo.</li>



<li>Hemorragia vítrea atual no dia 1.</li>



<li>Glaucoma não controlado.</li>



<li>Erro de refração &gt; 8 dioptrias de miopia.</li>



<li>Qualquer tratamento anterior ou concomitante para NVC.</li>



<li>Qualquer outra cirurgia intraocular (vitrectomia via pars plana, cirurgia de glaucoma, transplante de córnea ou radioterapia).</li>



<li>Tratamento farmacológico periocular ou ITV anterior (incluindo medicação anti-VEGEF) para outras doenças retinianas.</li>



<li>História de uveítes autoimune em qualquer olho.</li>
</ul>



<p>Pacientes potenciais deverão ser encaminhados ao Setor de Pesquisa Clínica – Rua Botucatu, 822 – 1º andar – Vila Clementino.</p>



<p>Informações e Agendamento: Segunda à Sexta-feira, das 8:00 às 17:00, Telefone (11 ) 5572-4848 ramais 2265 ou 2266.</p>
