{"id":14056,"date":"2023-10-17T13:03:14","date_gmt":"2023-10-17T16:03:14","guid":{"rendered":"https:\/\/siteoftalmodapau1.websiteseguro.com\/?p=14056"},"modified":"2023-11-14T12:04:37","modified_gmt":"2023-11-14T15:04:37","slug":"protocolo-nsr-chm-os1-coroideremia","status":"publish","type":"novo-tratamento","link":"https:\/\/oftalmodapaulista.com.br\/profissional\/novo-tratamento\/protocolo-nsr-chm-os1-coroideremia\/","title":{"rendered":"Protocolo NSR-CHM-OS1 \u2013 Coroideremia"},"content":{"rendered":"\n<p><strong>Pesquisadora Respons\u00e1vel:<\/strong>&nbsp;Dra. Juliana Maria Ferraz Sallum<\/p>\n\n\n\n<h3 class=\"wp-block-heading\"><strong>Objetivo<\/strong><\/h3>\n\n\n\n<p>Esse \u00e9 um estudo observacional, seu objetivo \u00e9 obter uma melhor compreens\u00e3o da progress\u00e3o da coroideremia (CHM) e adicionar \u00e0 base de conhecimento dessa doen\u00e7a rara.<\/p>\n\n\n\n<h3 class=\"wp-block-heading\"><strong>Crit\u00e9rios de Inclus\u00e3o:<\/strong><\/h3>\n\n\n\n<ul class=\"wp-block-list\">\n<li>Ambos sexos \u2265 18 anos de idade<\/li>\n\n\n\n<li>Apresentar fen\u00f3tipo cl\u00ednico e diagn\u00f3stico gen\u00e9tico confirmado de coroideremia<\/li>\n\n\n\n<li>Avcc 6\/60 (20\/200) ou melhor em pelo menos um olho<\/li>\n<\/ul>\n\n\n\n<h3 class=\"wp-block-heading\"><strong>Crit\u00e9rios de Exclus\u00e3o:<\/strong><\/h3>\n\n\n\n<ul class=\"wp-block-list\">\n<li>Hist\u00f3rico de ambliopia no olho do estudo<\/li>\n\n\n\n<li>Participou de estudo de pesquisa intervencionista nos \u00faltimos 6 meses<\/li>\n<\/ul>\n\n\n\n<p>Pacientes potenciais dever\u00e3o ser encaminhados ao Setor de Pesquisa Cl\u00ednica \u2013 Rua Botucatu, 822 \u2013 1\u00ba andar \u2013 Vila Clementino<\/p>\n\n\n\n<p>Informa\u00e7\u00f5es e Agendamento: Segunda \u00e0 Sexta-feira, das 8:00 \u00e0s 17:00, Telefone (11 ) 5572-6443<\/p>\n","protected":false},"featured_media":0,"template":"","categoria-novo-tratamento":[76],"class_list":["post-14056","novo-tratamento","type-novo-tratamento","status-publish","hentry","categoria-novo-tratamento-setor-de-pesquisa-clinica"],"acf":[],"_links":{"self":[{"href":"https:\/\/oftalmodapaulista.com.br\/profissional\/wp-json\/wp\/v2\/novo-tratamento\/14056","targetHints":{"allow":["GET"]}}],"collection":[{"href":"https:\/\/oftalmodapaulista.com.br\/profissional\/wp-json\/wp\/v2\/novo-tratamento"}],"about":[{"href":"https:\/\/oftalmodapaulista.com.br\/profissional\/wp-json\/wp\/v2\/types\/novo-tratamento"}],"wp:attachment":[{"href":"https:\/\/oftalmodapaulista.com.br\/profissional\/wp-json\/wp\/v2\/media?parent=14056"}],"wp:term":[{"taxonomy":"categoria-novo-tratamento","embeddable":true,"href":"https:\/\/oftalmodapaulista.com.br\/profissional\/wp-json\/wp\/v2\/categoria-novo-tratamento?post=14056"}],"curies":[{"name":"wp","href":"https:\/\/api.w.org\/{rel}","templated":true}]}}

<p><strong>Pesquisadora Responsável:</strong>&nbsp;Dra. Juliana Maria Ferraz Sallum</p>



<h3 class="wp-block-heading"><strong>Objetivo</strong></h3>



<p>Esse é um estudo observacional, seu objetivo é obter uma melhor compreensão da progressão da coroideremia (CHM) e adicionar à base de conhecimento dessa doença rara.</p>



<h3 class="wp-block-heading"><strong>Critérios de Inclusão:</strong></h3>



<ul class="wp-block-list">
<li>Ambos sexos ≥ 18 anos de idade</li>



<li>Apresentar fenótipo clínico e diagnóstico genético confirmado de coroideremia</li>



<li>Avcc 6/60 (20/200) ou melhor em pelo menos um olho</li>
</ul>



<h3 class="wp-block-heading"><strong>Critérios de Exclusão:</strong></h3>



<ul class="wp-block-list">
<li>Histórico de ambliopia no olho do estudo</li>



<li>Participou de estudo de pesquisa intervencionista nos últimos 6 meses</li>
</ul>



<p>Pacientes potenciais deverão ser encaminhados ao Setor de Pesquisa Clínica – Rua Botucatu, 822 – 1º andar – Vila Clementino</p>



<p>Informações e Agendamento: Segunda à Sexta-feira, das 8:00 às 17:00, Telefone (11 ) 5572-6443</p>
