{"id":14044,"date":"2023-10-17T12:53:16","date_gmt":"2023-10-17T15:53:16","guid":{"rendered":"https:\/\/siteoftalmodapau1.websiteseguro.com\/?p=14044"},"modified":"2023-11-14T11:51:06","modified_gmt":"2023-11-14T14:51:06","slug":"avastin-em-transplante-de-alto-risco-de-rejeicao","status":"publish","type":"novo-tratamento","link":"https:\/\/oftalmodapaulista.com.br\/profissional\/novo-tratamento\/avastin-em-transplante-de-alto-risco-de-rejeicao\/","title":{"rendered":"Avastin em Transplante de Alto Risco de Rejei\u00e7\u00e3o"},"content":{"rendered":"\n<h2 class=\"wp-block-heading\">Setor de C\u00f3rnea<\/h2>\n\n\n\n<p><strong>Protocolo:<\/strong>\u00a0Avastin em Transplante de Alto Risco de Rejei\u00e7\u00e3o\u00a0<\/p>\n\n\n\n<h3 class=\"wp-block-heading\"><strong>Crit\u00e9rios de inclus\u00e3o:<\/strong><\/h3>\n\n\n\n<ul class=\"wp-block-list\">\n<li>Idade &gt; 18 anos;<\/li>\n\n\n\n<li>Caracter\u00edsticas do transplante de c\u00f3rnea de alto risco:<\/li>\n<\/ul>\n\n\n\n<ul class=\"wp-block-list\">\n<li>Presen\u00e7a de neovasculariza\u00e7\u00e3o (NV) de c\u00f3rnea em um ou mais quadrantes (\u2265 3 horas de rel\u00f3gio e NV \u2265 2 mil\u00edmetros do limbo) ou<\/li>\n\n\n\n<li>Extens\u00e3o de NV corneana ultrapassando a jun\u00e7\u00e3o entre o enxerto e hospedeiro em um transplante falido.<\/li>\n\n\n\n<li>Boa sa\u00fade<\/li>\n<\/ul>\n\n\n\n<h3 class=\"wp-block-heading\"><strong>Crit\u00e9rios principais de exclus\u00e3o:<\/strong><\/h3>\n\n\n\n<ul class=\"wp-block-list\">\n<li>Hist\u00f3ria da s\u00edndrome de Stevens-Johnson ou penfig\u00f3ide ocular<\/li>\n\n\n\n<li>Glaucoma n\u00e3o controlado<\/li>\n\n\n\n<li>Uso de imunossupressor sist\u00eamico<\/li>\n\n\n\n<li>Hipertens\u00e3o n\u00e3o controlada ou hist\u00f3ria de eventos tromboemb\u00f3licos<\/li>\n\n\n\n<li>Acuidade visual corrigida \u2265 20\/400 no olho do estudo;<\/li>\n\n\n\n<li>Olho contraletral com vis\u00e3o \u2265 20\/200.<\/li>\n<\/ul>\n\n\n\n<p><strong>Pacientes em potencial devem ser encaminhados para:<\/strong><\/p>\n\n\n\n<p>Ricardo M. Nos\u00e9<br>Tel: 11-984471694<br>E-mail:&nbsp;<a href=\"mailto:ricnose@gmail.com\" target=\"_blank\" rel=\"noreferrer noopener\">ricnose@gmail.com<\/a><\/p>\n\n\n\n<p>Ana Gabriela Queiroz<br>Tel: 11-952166444<br>E-mail:&nbsp;<a href=\"mailto:anagabiqueiroz@yahoo.com.br\" target=\"_blank\" rel=\"noreferrer noopener\">anagabiqueiroz@yahoo.com.br<\/a><\/p>\n\n\n\n<p>Tais H. Wakamatsu<br>Tel: 11-973736438<br>E-mail:&nbsp;<a href=\"mailto:taiswakamatsu@yahoo.com.br\" target=\"_blank\" rel=\"noreferrer noopener\">taiswakamatsu@yahoo.com.br<\/a><\/p>\n","protected":false},"featured_media":0,"template":"","categoria-novo-tratamento":[75],"class_list":["post-14044","novo-tratamento","type-novo-tratamento","status-publish","hentry","categoria-novo-tratamento-setor-de-cornea"],"acf":[],"_links":{"self":[{"href":"https:\/\/oftalmodapaulista.com.br\/profissional\/wp-json\/wp\/v2\/novo-tratamento\/14044","targetHints":{"allow":["GET"]}}],"collection":[{"href":"https:\/\/oftalmodapaulista.com.br\/profissional\/wp-json\/wp\/v2\/novo-tratamento"}],"about":[{"href":"https:\/\/oftalmodapaulista.com.br\/profissional\/wp-json\/wp\/v2\/types\/novo-tratamento"}],"wp:attachment":[{"href":"https:\/\/oftalmodapaulista.com.br\/profissional\/wp-json\/wp\/v2\/media?parent=14044"}],"wp:term":[{"taxonomy":"categoria-novo-tratamento","embeddable":true,"href":"https:\/\/oftalmodapaulista.com.br\/profissional\/wp-json\/wp\/v2\/categoria-novo-tratamento?post=14044"}],"curies":[{"name":"wp","href":"https:\/\/api.w.org\/{rel}","templated":true}]}}

Avastin em Transplante de Alto Risco de Rejeição

<h2 class="wp-block-heading">Setor de Córnea</h2>



<p><strong>Protocolo:</strong> Avastin em Transplante de Alto Risco de Rejeição </p>



<h3 class="wp-block-heading"><strong>Critérios de inclusão:</strong></h3>



<ul class="wp-block-list">
<li>Idade &gt; 18 anos;</li>



<li>Características do transplante de córnea de alto risco:</li>
</ul>



<ul class="wp-block-list">
<li>Presença de neovascularização (NV) de córnea em um ou mais quadrantes (≥ 3 horas de relógio e NV ≥ 2 milímetros do limbo) ou</li>



<li>Extensão de NV corneana ultrapassando a junção entre o enxerto e hospedeiro em um transplante falido.</li>



<li>Boa saúde</li>
</ul>



<h3 class="wp-block-heading"><strong>Critérios principais de exclusão:</strong></h3>



<ul class="wp-block-list">
<li>História da síndrome de Stevens-Johnson ou penfigóide ocular</li>



<li>Glaucoma não controlado</li>



<li>Uso de imunossupressor sistêmico</li>



<li>Hipertensão não controlada ou história de eventos tromboembólicos</li>



<li>Acuidade visual corrigida ≥ 20/400 no olho do estudo;</li>



<li>Olho contraletral com visão ≥ 20/200.</li>
</ul>



<p><strong>Pacientes em potencial devem ser encaminhados para:</strong></p>



<p>Ricardo M. Nosé<br>Tel: 11-984471694<br>E-mail:&nbsp;<a href="mailto:ricnose@gmail.com" target="_blank" rel="noreferrer noopener">ricnose@gmail.com</a></p>



<p>Ana Gabriela Queiroz<br>Tel: 11-952166444<br>E-mail:&nbsp;<a href="mailto:anagabiqueiroz@yahoo.com.br" target="_blank" rel="noreferrer noopener">anagabiqueiroz@yahoo.com.br</a></p>



<p>Tais H. Wakamatsu<br>Tel: 11-973736438<br>E-mail:&nbsp;<a href="mailto:taiswakamatsu@yahoo.com.br" target="_blank" rel="noreferrer noopener">taiswakamatsu@yahoo.com.br</a></p>
