{"id":14039,"date":"2023-10-17T12:45:31","date_gmt":"2023-10-17T15:45:31","guid":{"rendered":"https:\/\/siteoftalmodapau1.websiteseguro.com\/?p=14039"},"modified":"2023-11-14T12:07:28","modified_gmt":"2023-11-14T15:07:28","slug":"icl","status":"publish","type":"novo-tratamento","link":"https:\/\/oftalmodapaulista.com.br\/profissional\/novo-tratamento\/icl\/","title":{"rendered":"ICL"},"content":{"rendered":"\n<h2 class=\"wp-block-heading\">Setor Cirurgia Refrativa<\/h2>\n\n\n\n<p><strong>Protocolo:<\/strong>\u00a0ICL<br><\/p>\n\n\n\n<h3 class=\"wp-block-heading\">Objetivo<\/h3>\n\n\n\n<p>Analisar par\u00e2metros pr\u00e9 operat\u00f3rios e compar\u00e1-los com os resultados de acuidade visual, sensibilidade ao contraste e lens Vault<\/p>\n\n\n\n<h3 class=\"wp-block-heading\">Crit\u00e9rios de inclus\u00e3o:<\/h3>\n\n\n\n<ul class=\"wp-block-list\">\n<li>Miopia at\u00e9 18 dioptrias (D);<\/li>\n\n\n\n<li>Astigmatismo at\u00e9 6 D;<\/li>\n\n\n\n<li>Maiores de 18 anos de idade;<\/li>\n\n\n\n<li>Paquimetria da c\u00f3rnea pr\u00e9-operat\u00f3ria &gt; 500 \u03bcm, que permite c\u00f3rnea residual p\u00f3s-operat\u00f3ria &gt; 360\u03bcm (250 \u03bcm de leito estromal + 110 \u03bcm de espessura de flap) em olhos submetidos a LASIK;<\/li>\n\n\n\n<li>Contagem de c\u00e9lulas endoteliais &gt; 2500 c\u00e9lulas\/mm2;<\/li>\n\n\n\n<li>Profundidade da c\u00e2mara anterior (endot\u00e9lio da c\u00f3rnea para a superf\u00edcie anterior do cristalina) &gt; 3,0 mm;<\/li>\n\n\n\n<li>Di\u00e2metro da pupila &lt; 6mm, sob condi\u00e7\u00f5es mes\u00f3picas (10-12cd\/m2);<\/li>\n\n\n\n<li>Terem assinado termo de consentimento.<\/li>\n<\/ul>\n\n\n\n<h3 class=\"wp-block-heading\">Crit\u00e9rios de exclus\u00e3o<\/h3>\n\n\n\n<ul class=\"wp-block-list\">\n<li>Catarata;<\/li>\n\n\n\n<li>Glaucoma;<\/li>\n\n\n\n<li>Diabetes n\u00e3o controlada;<\/li>\n\n\n\n<li>Doen\u00e7a autoimune do col\u00e1geno que contraindique cirurgia refrativa;<\/li>\n\n\n\n<li>Pacientes em uso de medica\u00e7\u00e3o imunossupressora ou doen\u00e7as causando estados imunossupressores;<\/li>\n\n\n\n<li>Gravidez;<\/li>\n\n\n\n<li>Profundidade de c\u00e2mara anterior de menos de 3.0mm;<\/li>\n\n\n\n<li>Padr\u00e3o topogr\u00e1fico que sugira doen\u00e7a ect\u00e1sica;<\/li>\n\n\n\n<li>Procedimento corneano pr\u00e9vio;<\/li>\n\n\n\n<li>Aberra\u00e7\u00e3o de alta ordem RMS &gt; 0,6;<\/li>\n\n\n\n<li>Paquimetria corneana &lt; 500 um;<\/li>\n\n\n\n<li>Hist\u00f3ria de descolamento de retina ou qualquer sinal suscept\u00edvel de descolamento retina.<\/li>\n<\/ul>\n\n\n\n<p>Pacientes potenciais dever\u00e3o ser encaminhados ao ambulat\u00f3rio de Cirurgia Refrativa A\/C: Dr. Fabio Marujo \u2013 Rua Botucatu, 822 \u2013 1\u00ba andar \u2013 Triagem: segundas e ter\u00e7as-feiras pela manh\u00e3 \u2013 \u00e0s 8:00 ou sexta-feira \u00e0s 10:00<\/p>\n","protected":false},"featured_media":0,"template":"","categoria-novo-tratamento":[74],"class_list":["post-14039","novo-tratamento","type-novo-tratamento","status-publish","hentry","categoria-novo-tratamento-setor-de-cirurgia-refrativa"],"acf":[],"_links":{"self":[{"href":"https:\/\/oftalmodapaulista.com.br\/profissional\/wp-json\/wp\/v2\/novo-tratamento\/14039","targetHints":{"allow":["GET"]}}],"collection":[{"href":"https:\/\/oftalmodapaulista.com.br\/profissional\/wp-json\/wp\/v2\/novo-tratamento"}],"about":[{"href":"https:\/\/oftalmodapaulista.com.br\/profissional\/wp-json\/wp\/v2\/types\/novo-tratamento"}],"wp:attachment":[{"href":"https:\/\/oftalmodapaulista.com.br\/profissional\/wp-json\/wp\/v2\/media?parent=14039"}],"wp:term":[{"taxonomy":"categoria-novo-tratamento","embeddable":true,"href":"https:\/\/oftalmodapaulista.com.br\/profissional\/wp-json\/wp\/v2\/categoria-novo-tratamento?post=14039"}],"curies":[{"name":"wp","href":"https:\/\/api.w.org\/{rel}","templated":true}]}}

<h2 class="wp-block-heading">Setor Cirurgia Refrativa</h2>



<p><strong>Protocolo:</strong> ICL<br></p>



<h3 class="wp-block-heading">Objetivo</h3>



<p>Analisar parâmetros pré operatórios e compará-los com os resultados de acuidade visual, sensibilidade ao contraste e lens Vault</p>



<h3 class="wp-block-heading">Critérios de inclusão:</h3>



<ul class="wp-block-list">
<li>Miopia até 18 dioptrias (D);</li>



<li>Astigmatismo até 6 D;</li>



<li>Maiores de 18 anos de idade;</li>



<li>Paquimetria da córnea pré-operatória &gt; 500 μm, que permite córnea residual pós-operatória &gt; 360μm (250 μm de leito estromal + 110 μm de espessura de flap) em olhos submetidos a LASIK;</li>



<li>Contagem de células endoteliais &gt; 2500 células/mm2;</li>



<li>Profundidade da câmara anterior (endotélio da córnea para a superfície anterior do cristalina) &gt; 3,0 mm;</li>



<li>Diâmetro da pupila &lt; 6mm, sob condições mesópicas (10-12cd/m2);</li>



<li>Terem assinado termo de consentimento.</li>
</ul>



<h3 class="wp-block-heading">Critérios de exclusão</h3>



<ul class="wp-block-list">
<li>Catarata;</li>



<li>Glaucoma;</li>



<li>Diabetes não controlada;</li>



<li>Doença autoimune do colágeno que contraindique cirurgia refrativa;</li>



<li>Pacientes em uso de medicação imunossupressora ou doenças causando estados imunossupressores;</li>



<li>Gravidez;</li>



<li>Profundidade de câmara anterior de menos de 3.0mm;</li>



<li>Padrão topográfico que sugira doença ectásica;</li>



<li>Procedimento corneano prévio;</li>



<li>Aberração de alta ordem RMS &gt; 0,6;</li>



<li>Paquimetria corneana &lt; 500 um;</li>



<li>História de descolamento de retina ou qualquer sinal susceptível de descolamento retina.</li>
</ul>



<p>Pacientes potenciais deverão ser encaminhados ao ambulatório de Cirurgia Refrativa A/C: Dr. Fabio Marujo – Rua Botucatu, 822 – 1º andar – Triagem: segundas e terças-feiras pela manhã – às 8:00 ou sexta-feira às 10:00</p>
