{"id":16081,"date":"2025-09-01T15:06:44","date_gmt":"2025-09-01T18:06:44","guid":{"rendered":"https:\/\/oftalmodapaulista.com.br\/profissional\/?post_type=ceo&#038;p=16081"},"modified":"2026-01-30T16:27:59","modified_gmt":"2026-01-30T19:27:59","slug":"genetica","status":"publish","type":"ceo","link":"https:\/\/oftalmodapaulista.com.br\/profissional\/ceo\/genetica\/","title":{"rendered":"Medicina Gen\u00f4mica em Oftalmologia: Doen\u00e7as Raras"},"content":{"rendered":"<p><img loading=\"lazy\" decoding=\"async\" class=\" wp-image-16089 aligncenter\" src=\"https:\/\/oftalmodapaulista.com.br\/profissional\/wp-content\/uploads\/2025\/09\/0-2025-08-20-news-departamento-curso-genomica-Copia-300x286.png\" alt=\"\" width=\"654\" height=\"624\" srcset=\"https:\/\/oftalmodapaulista.com.br\/profissional\/wp-content\/uploads\/2025\/09\/0-2025-08-20-news-departamento-curso-genomica-Copia-300x286.png 300w, https:\/\/oftalmodapaulista.com.br\/profissional\/wp-content\/uploads\/2025\/09\/0-2025-08-20-news-departamento-curso-genomica-Copia-580x554.png 580w, https:\/\/oftalmodapaulista.com.br\/profissional\/wp-content\/uploads\/2025\/09\/0-2025-08-20-news-departamento-curso-genomica-Copia.png 750w\" sizes=\"auto, (max-width: 654px) 100vw, 654px\" \/><\/p>\n\n\n<h1 class=\"wp-block-heading has-text-align-center has-x-large-font-size\">INSCREVA-SE ABAIXO<\/h1>\n\n\n\n<div class=\"wp-block-buttons is-content-justification-center is-layout-flex wp-container-core-buttons-is-layout-16018d1d wp-block-buttons-is-layout-flex\">\n<div class=\"wp-block-button\"><a class=\"wp-block-button__link wp-element-button\">Inscri\u00e7\u00f5es M\u00e9dicos, residentes, alunos de medicina e profissionais da \u00e1rea da sa\u00fade [INSCRI\u00c7\u00d5ES ENCERRADAS]<\/a><\/div>\n<\/div>\n\n\n\n<div class=\"wp-block-buttons is-content-justification-center is-layout-flex wp-container-core-buttons-is-layout-16018d1d wp-block-buttons-is-layout-flex\">\n<div class=\"wp-block-button\"><a class=\"wp-block-button__link wp-element-button\">Inscri\u00e7\u00f5es P\u00f3s graduandos [INSCRI\u00c7\u00d5ES ENCERRADAS]<\/a><\/div>\n<\/div>\n\n\n\n<div class=\"wp-block-buttons is-content-justification-center is-layout-flex wp-container-core-buttons-is-layout-16018d1d wp-block-buttons-is-layout-flex\">\n<div class=\"wp-block-button\"><a class=\"wp-block-button__link wp-element-button\" href=\"https:\/\/forms.gle\/FCQ237dCwarg4HCN8\">Inscri\u00e7\u00f5es pacientes<\/a><\/div>\n<\/div>\n\n\n\n<div class=\"wp-block-buttons is-content-justification-center is-layout-flex wp-container-core-buttons-is-layout-16018d1d wp-block-buttons-is-layout-flex\">\n<div class=\"wp-block-button\"><a class=\"wp-block-button__link wp-element-button\" href=\"https:\/\/oftalmodapaulista.com.br\/profissional\/wp-content\/uploads\/2025\/09\/Disciplina-Doencas-Raras-Oculares-16-set-2025.pdf\" target=\"_blank\" rel=\"noreferrer noopener\">Programa completo<\/a><\/div>\n<\/div>\n\n\n\n<p><\/p>\n","protected":false},"featured_media":0,"template":"","class_list":["post-16081","ceo","type-ceo","status-publish","hentry"],"acf":[],"_links":{"self":[{"href":"https:\/\/oftalmodapaulista.com.br\/profissional\/wp-json\/wp\/v2\/ceo\/16081","targetHints":{"allow":["GET"]}}],"collection":[{"href":"https:\/\/oftalmodapaulista.com.br\/profissional\/wp-json\/wp\/v2\/ceo"}],"about":[{"href":"https:\/\/oftalmodapaulista.com.br\/profissional\/wp-json\/wp\/v2\/types\/ceo"}],"wp:attachment":[{"href":"https:\/\/oftalmodapaulista.com.br\/profissional\/wp-json\/wp\/v2\/media?parent=16081"}],"curies":[{"name":"wp","href":"https:\/\/api.w.org\/{rel}","templated":true}]}}

Medicina Genômica em Oftalmologia: Doenças Raras

<p><img loading="lazy" decoding="async" class=" wp-image-16089 aligncenter" src="https://oftalmodapaulista.com.br/profissional/wp-content/uploads/2025/09/0-2025-08-20-news-departamento-curso-genomica-Copia-300x286.png" alt="" width="654" height="624" srcset="https://oftalmodapaulista.com.br/profissional/wp-content/uploads/2025/09/0-2025-08-20-news-departamento-curso-genomica-Copia-300x286.png 300w, https://oftalmodapaulista.com.br/profissional/wp-content/uploads/2025/09/0-2025-08-20-news-departamento-curso-genomica-Copia-580x554.png 580w, https://oftalmodapaulista.com.br/profissional/wp-content/uploads/2025/09/0-2025-08-20-news-departamento-curso-genomica-Copia.png 750w" sizes="auto, (max-width: 654px) 100vw, 654px" /></p>


<h1 class="wp-block-heading has-text-align-center has-x-large-font-size">INSCREVA-SE ABAIXO</h1>



<div class="wp-block-buttons is-content-justification-center is-layout-flex wp-container-core-buttons-is-layout-16018d1d wp-block-buttons-is-layout-flex">
<div class="wp-block-button"><a class="wp-block-button__link wp-element-button">Inscrições Médicos, residentes, alunos de medicina e profissionais da área da saúde [INSCRIÇÕES ENCERRADAS]</a></div>
</div>



<div class="wp-block-buttons is-content-justification-center is-layout-flex wp-container-core-buttons-is-layout-16018d1d wp-block-buttons-is-layout-flex">
<div class="wp-block-button"><a class="wp-block-button__link wp-element-button">Inscrições Pós graduandos [INSCRIÇÕES ENCERRADAS]</a></div>
</div>



<div class="wp-block-buttons is-content-justification-center is-layout-flex wp-container-core-buttons-is-layout-16018d1d wp-block-buttons-is-layout-flex">
<div class="wp-block-button"><a class="wp-block-button__link wp-element-button" href="https://forms.gle/FCQ237dCwarg4HCN8">Inscrições pacientes</a></div>
</div>



<div class="wp-block-buttons is-content-justification-center is-layout-flex wp-container-core-buttons-is-layout-16018d1d wp-block-buttons-is-layout-flex">
<div class="wp-block-button"><a class="wp-block-button__link wp-element-button" href="https://oftalmodapaulista.com.br/profissional/wp-content/uploads/2025/09/Disciplina-Doencas-Raras-Oculares-16-set-2025.pdf" target="_blank" rel="noreferrer noopener">Programa completo</a></div>
</div>



<p></p>
