{"id":15863,"date":"2024-12-20T12:14:33","date_gmt":"2024-12-20T15:14:33","guid":{"rendered":"https:\/\/oftalmodapaulista.com.br\/profissional\/?post_type=ceo&#038;p=15863"},"modified":"2026-03-20T08:46:02","modified_gmt":"2026-03-20T11:46:02","slug":"imersao-em-retina","status":"publish","type":"ceo","link":"https:\/\/oftalmodapaulista.com.br\/profissional\/ceo\/imersao-em-retina\/","title":{"rendered":"Curso Pr\u00e1tico de Imers\u00e3o em Retina"},"content":{"rendered":"<p style=\"font-weight: 400;\"><strong>Orienta\u00e7\u00e3o<\/strong><\/p>\n<p style=\"font-weight: 400;\">Prof. Dr.\u00a0Caio Regatieri<\/p>\n<p style=\"font-weight: 400;\">Profa. Dra. Sung Watanabe<\/p>\n<p style=\"font-weight: 400;\">Prof. Dr. Michel Farah<\/p>\n<p style=\"font-weight: 400;\">Profa. Dra Nilva Bueno<\/p>\n<p style=\"font-weight: 400;\">Prof. Dr. Mauricio Maia<\/p>\n\n\n<h2 class=\"wp-block-heading\">Pol\u00edtica de cancelamento e reembolso<\/h2>\n\n\n\n<p>Em caso de comunica\u00e7\u00e3o de desist\u00eancia dentro de 7 dias da data de pagamento, ter\u00e1 direito a reembolso integral do valor pago.<\/p>\n\n\n\n<p>Em caso de comunica\u00e7\u00e3o de desist\u00eancia com intervalo igual ou superior a 14 dias de anteced\u00eancia \u00e0 data programada para in\u00edcio do curso, ter\u00e1 direito a reembolso de 50% do valor pago.<\/p>\n\n\n\n<p>Em caso de comunica\u00e7\u00e3o de desist\u00eancia com intervalo inferior a 14 dias de anteced\u00eancia \u00e0 data programada para in\u00edcio do curso, n\u00e3o ter\u00e1 direito a reembolso do valor pago.<\/p>\n","protected":false},"featured_media":0,"template":"","class_list":["post-15863","ceo","type-ceo","status-publish","hentry"],"acf":[],"_links":{"self":[{"href":"https:\/\/oftalmodapaulista.com.br\/profissional\/wp-json\/wp\/v2\/ceo\/15863","targetHints":{"allow":["GET"]}}],"collection":[{"href":"https:\/\/oftalmodapaulista.com.br\/profissional\/wp-json\/wp\/v2\/ceo"}],"about":[{"href":"https:\/\/oftalmodapaulista.com.br\/profissional\/wp-json\/wp\/v2\/types\/ceo"}],"wp:attachment":[{"href":"https:\/\/oftalmodapaulista.com.br\/profissional\/wp-json\/wp\/v2\/media?parent=15863"}],"curies":[{"name":"wp","href":"https:\/\/api.w.org\/{rel}","templated":true}]}}

Curso Prático de Imersão em Retina

<p style="font-weight: 400;"><strong>Orientação</strong></p>
<p style="font-weight: 400;">Prof. Dr. Caio Regatieri</p>
<p style="font-weight: 400;">Profa. Dra. Sung Watanabe</p>
<p style="font-weight: 400;">Prof. Dr. Michel Farah</p>
<p style="font-weight: 400;">Profa. Dra Nilva Bueno</p>
<p style="font-weight: 400;">Prof. Dr. Mauricio Maia</p>


<h2 class="wp-block-heading">Política de cancelamento e reembolso</h2>



<p>Em caso de comunicação de desistência dentro de 7 dias da data de pagamento, terá direito a reembolso integral do valor pago.</p>



<p>Em caso de comunicação de desistência com intervalo igual ou superior a 14 dias de antecedência à data programada para início do curso, terá direito a reembolso de 50% do valor pago.</p>



<p>Em caso de comunicação de desistência com intervalo inferior a 14 dias de antecedência à data programada para início do curso, não terá direito a reembolso do valor pago.</p>
