{"id":15388,"date":"2023-10-30T12:20:11","date_gmt":"2023-10-30T14:20:11","guid":{"rendered":"https:\/\/oftalmodapaulista.com.br\/profissional\/?post_type=ceo&#038;p=15388"},"modified":"2026-03-20T09:00:10","modified_gmt":"2026-03-20T12:00:10","slug":"imersao-em-neuroftalmologia","status":"publish","type":"ceo","link":"https:\/\/oftalmodapaulista.com.br\/profissional\/ceo\/imersao-em-neuroftalmologia\/","title":{"rendered":"Curso Pr\u00e1tico de Imers\u00e3o em Neuroftalmologia"},"content":{"rendered":"\n<p>Ter\u00e7as e quartas das 13h \u00e0s 17h.<\/p>\n\n\n\n<p>Reuni\u00e3o Cl\u00ednica \u00e0s ter\u00e7as das 17h \u00e0s 18h.<\/p>\n\n\n\n<p><strong>Orienta\u00e7\u00e3o:&nbsp;<\/strong><br>Ana Laura Moura<br>Eric Andrade<br>Fl\u00e1vio Resende<br>Leticia Sant&#8217;Ana<br>Luciana Noia<br><\/p>\n\n\n<h6>Datas dispon\u00edveis\u00a0<\/h6>\n<h6>2\u00ba Per\u00edodo (07, 08, 14, 15, 28, 29 de abril e 05 e 06 de maio)<br \/>3\u00ba Per\u00edodo (12, 13, 19, 20, 26, 27 de maio e 02 e 03 de junho) <br \/>4\u00ba Per\u00edodo (09, 10, 16, 17, 23, 24, 30 de junho e 01 de julho)<br \/>5\u00ba Per\u00edodo (07, 08, 14, 15, 21, 22, 28 e 29 de julho)<br \/>6\u00ba Per\u00edodo (04, 05, 11, 12, 18, 19, 25 e 26 de agosto)<br \/>7\u00ba Per\u00edodo (15, 16, 22, 23, 29 e 30 de setembro e 06 e 07 de outubro)<br \/>8\u00ba Per\u00edodo (03, 04, 10, 11, 17, 18, 24 e 25 de novembro)<\/h6>\n\n\n<h2 class=\"wp-block-heading\">Pol\u00edtica de cancelamento e reembolso<\/h2>\n\n\n\n<p>Em caso de comunica\u00e7\u00e3o de desist\u00eancia com intervalo inferior a 14 dias de anteced\u00eancia \u00e0 data programada para in\u00edcio do curso, n\u00e3o ter\u00e1 direito a reembolso do valor pago.<\/p>\n\n\n\n<p>Em caso de comunica\u00e7\u00e3o de desist\u00eancia dentro de 7 dias da data de pagamento, ter\u00e1 direito a reembolso integral do valor pago.<\/p>\n\n\n\n<p>Em caso de comunica\u00e7\u00e3o de desist\u00eancia com intervalo igual ou superior a 14 dias de anteced\u00eancia \u00e0 data programada para in\u00edcio do curso, ter\u00e1 direito a reembolso de 50% do valor pago.<\/p>\n","protected":false},"featured_media":0,"template":"","class_list":["post-15388","ceo","type-ceo","status-publish","hentry"],"acf":[],"_links":{"self":[{"href":"https:\/\/oftalmodapaulista.com.br\/profissional\/wp-json\/wp\/v2\/ceo\/15388","targetHints":{"allow":["GET"]}}],"collection":[{"href":"https:\/\/oftalmodapaulista.com.br\/profissional\/wp-json\/wp\/v2\/ceo"}],"about":[{"href":"https:\/\/oftalmodapaulista.com.br\/profissional\/wp-json\/wp\/v2\/types\/ceo"}],"wp:attachment":[{"href":"https:\/\/oftalmodapaulista.com.br\/profissional\/wp-json\/wp\/v2\/media?parent=15388"}],"curies":[{"name":"wp","href":"https:\/\/api.w.org\/{rel}","templated":true}]}}

Curso Prático de Imersão em Neuroftalmologia

<p>Terças e quartas das 13h às 17h.</p>



<p>Reunião Clínica às terças das 17h às 18h.</p>



<p><strong>Orientação:&nbsp;</strong><br>Ana Laura Moura<br>Eric Andrade<br>Flávio Resende<br>Leticia Sant&#8217;Ana<br>Luciana Noia<br></p>


<h6>Datas disponíveis </h6>
<h6>2º Período (07, 08, 14, 15, 28, 29 de abril e 05 e 06 de maio)<br />3º Período (12, 13, 19, 20, 26, 27 de maio e 02 e 03 de junho) <br />4º Período (09, 10, 16, 17, 23, 24, 30 de junho e 01 de julho)<br />5º Período (07, 08, 14, 15, 21, 22, 28 e 29 de julho)<br />6º Período (04, 05, 11, 12, 18, 19, 25 e 26 de agosto)<br />7º Período (15, 16, 22, 23, 29 e 30 de setembro e 06 e 07 de outubro)<br />8º Período (03, 04, 10, 11, 17, 18, 24 e 25 de novembro)</h6>


<h2 class="wp-block-heading">Política de cancelamento e reembolso</h2>



<p>Em caso de comunicação de desistência com intervalo inferior a 14 dias de antecedência à data programada para início do curso, não terá direito a reembolso do valor pago.</p>



<p>Em caso de comunicação de desistência dentro de 7 dias da data de pagamento, terá direito a reembolso integral do valor pago.</p>



<p>Em caso de comunicação de desistência com intervalo igual ou superior a 14 dias de antecedência à data programada para início do curso, terá direito a reembolso de 50% do valor pago.</p>
