{"id":14622,"date":"2023-10-30T14:58:14","date_gmt":"2023-10-30T17:58:14","guid":{"rendered":"https:\/\/siteoftalmodapau1.websiteseguro.com\/?post_type=ceo&#038;p=14622"},"modified":"2025-12-16T09:17:30","modified_gmt":"2025-12-16T12:17:30","slug":"grand-round-2025","status":"publish","type":"ceo","link":"https:\/\/oftalmodapaulista.com.br\/profissional\/ceo\/grand-round-2025\/","title":{"rendered":"XXXVI ATUALIZA\u00c7\u00c3O CONTINUADA EM OFTALMOLOGIA &#8211; GRAND ROUND 2026"},"content":{"rendered":"\n<h2 class=\"wp-block-heading has-text-align-center\">Informa\u00e7\u00f5es Importantes<\/h2>\n\n\n\n<ul class=\"wp-block-list\">\n<li>Os dados para acesso a plataforma Zoom ser\u00e3o os mesmos utilizados em 2025. Iremos inform\u00e1-los novamente para os que realizaram a inscri\u00e7\u00e3o pela primeira vez este ano;<\/li>\n<\/ul>\n\n\n\n<ul class=\"wp-block-list\">\n<li>Para emiss\u00e3o do certificado o aluno precisa estar inscrito no sistema da Unifesp (link ao lado \u2013 Inscri\u00e7\u00f5es) e ter frequ\u00eancia m\u00ednima de 75% (lista de presen\u00e7a ser\u00e1 feita atrav\u00e9s de registro na plataforma Zoom e lista presencial entregue no Anf.). A inscri\u00e7\u00e3o apenas na plataforma Zoom n\u00e3o dar\u00e1 direito ao certificado;<\/li>\n\n\n\n<li>Caso tenha interesse apenas em assistir as reuni\u00f5es sem a necessidade de certificado,&nbsp;o Grand Round poder\u00e1 ser acompanhado ao vivo ou a grava\u00e7\u00e3o pelo Canal do Youtube do Departamento. <a href=\"http:\/\/youtube.com\/oftalmodaescola\" target=\"_blank\" rel=\"noreferrer noopener\"><strong>youtube.com\/oftalmodaescola<\/strong><\/a><\/li>\n<\/ul>\n\n\n\n<p><\/p>\n\n\n\n<h2 class=\"wp-block-heading has-text-align-center\"><strong>PROGRAMA\u00c7\u00c3O&nbsp;<\/strong><\/h2>\n\n\n\n<p><\/p>\n","protected":false},"featured_media":0,"template":"","class_list":["post-14622","ceo","type-ceo","status-publish","hentry"],"acf":[],"_links":{"self":[{"href":"https:\/\/oftalmodapaulista.com.br\/profissional\/wp-json\/wp\/v2\/ceo\/14622","targetHints":{"allow":["GET"]}}],"collection":[{"href":"https:\/\/oftalmodapaulista.com.br\/profissional\/wp-json\/wp\/v2\/ceo"}],"about":[{"href":"https:\/\/oftalmodapaulista.com.br\/profissional\/wp-json\/wp\/v2\/types\/ceo"}],"wp:attachment":[{"href":"https:\/\/oftalmodapaulista.com.br\/profissional\/wp-json\/wp\/v2\/media?parent=14622"}],"curies":[{"name":"wp","href":"https:\/\/api.w.org\/{rel}","templated":true}]}}

XXXVI ATUALIZAÇÃO CONTINUADA EM OFTALMOLOGIA &#8211; GRAND ROUND 2026

<h2 class="wp-block-heading has-text-align-center">Informações Importantes</h2>



<ul class="wp-block-list">
<li>Os dados para acesso a plataforma Zoom serão os mesmos utilizados em 2025. Iremos informá-los novamente para os que realizaram a inscrição pela primeira vez este ano;</li>
</ul>



<ul class="wp-block-list">
<li>Para emissão do certificado o aluno precisa estar inscrito no sistema da Unifesp (link ao lado – Inscrições) e ter frequência mínima de 75% (lista de presença será feita através de registro na plataforma Zoom e lista presencial entregue no Anf.). A inscrição apenas na plataforma Zoom não dará direito ao certificado;</li>



<li>Caso tenha interesse apenas em assistir as reuniões sem a necessidade de certificado,&nbsp;o Grand Round poderá ser acompanhado ao vivo ou a gravação pelo Canal do Youtube do Departamento. <a href="http://youtube.com/oftalmodaescola" target="_blank" rel="noreferrer noopener"><strong>youtube.com/oftalmodaescola</strong></a></li>
</ul>



<p></p>



<h2 class="wp-block-heading has-text-align-center"><strong>PROGRAMAÇÃO&nbsp;</strong></h2>



<p></p>
